{"id":5029,"date":"2024-09-24T09:53:12","date_gmt":"2024-09-24T07:53:12","guid":{"rendered":"https:\/\/ffr-sarine.ch\/?page_id=5029"},"modified":"2024-10-25T11:53:47","modified_gmt":"2024-10-25T09:53:47","slug":"fares","status":"publish","type":"page","link":"https:\/\/ffr-sarine.ch\/index.php\/fares\/","title":{"rendered":"FARES"},"content":{"rendered":"<p>[et_pb_section fb_built=\u00a0\u00bb1&Prime; _builder_version=\u00a0\u00bb4.27.2&Prime; _module_preset=\u00a0\u00bbdefault\u00a0\u00bb custom_padding=\u00a0\u00bb2px||7px|||\u00a0\u00bb top_divider_color=\u00a0\u00bb#afafaf\u00a0\u00bb hover_enabled=\u00a0\u00bb0&Prime; global_colors_info=\u00a0\u00bb{}\u00a0\u00bb background_color=\u00a0\u00bbRGBA(255,255,255,0)\u00a0\u00bb min_height=\u00a0\u00bb720px\u00a0\u00bb sticky_enabled=\u00a0\u00bb0&Prime;][et_pb_row column_structure=\u00a0\u00bb2_5,3_5&Prime; _builder_version=\u00a0\u00bb4.16&Prime; _module_preset=\u00a0\u00bbdefault\u00a0\u00bb min_height=\u00a0\u00bb230px\u00a0\u00bb custom_padding=\u00a0\u00bb89px||5px|||\u00a0\u00bb global_colors_info=\u00a0\u00bb{}\u00a0\u00bb][et_pb_column type=\u00a0\u00bb2_5&Prime; _builder_version=\u00a0\u00bb4.16&Prime; _module_preset=\u00a0\u00bbdefault\u00a0\u00bb global_colors_info=\u00a0\u00bb{}\u00a0\u00bb][et_pb_image src=\u00a0\u00bbhttps:\/\/ffr-sarine.ch\/wp-content\/uploads\/2024\/09\/logo-2022_fares.png\u00a0\u00bb title_text=\u00a0\u00bblogo-2022_fares\u00a0\u00bb url=\u00a0\u00bbhttps:\/\/vasos.ch\/fr\/\u00a0\u00bb url_new_window=\u00a0\u00bbon\u00a0\u00bb align=\u00a0\u00bbcenter\u00a0\u00bb admin_label=\u00a0\u00bblogo fares\u00a0\u00bb _builder_version=\u00a0\u00bb4.27.0&Prime; _module_preset=\u00a0\u00bbdefault\u00a0\u00bb global_colors_info=\u00a0\u00bb{}\u00a0\u00bb][\/et_pb_image][\/et_pb_column][et_pb_column type=\u00a0\u00bb3_5&Prime; _builder_version=\u00a0\u00bb4.16&Prime; _module_preset=\u00a0\u00bbdefault\u00a0\u00bb global_colors_info=\u00a0\u00bb{}\u00a0\u00bb][et_pb_text _builder_version=\u00a0\u00bb4.27.2&Prime; _module_preset=\u00a0\u00bbdefault\u00a0\u00bb text_text_color=\u00a0\u00bb#000000&Prime; text_font_size=\u00a0\u00bb17px\u00a0\u00bb global_colors_info=\u00a0\u00bb{}\u00a0\u00bb]La F\u00e9d\u00e9ration des Associations des retrait\u00e9-e-s et de l&rsquo;entraide en Suisse (FARES) publie des informations utiles.<\/p>\n<p>Vous pouvez consulter le site en cliquant sur le logo \u00e0 gauche.<\/p>\n<p>Vous trouverez les rapports de la FARES en cliquant <a href=\"https:\/\/vasos.ch\/fr\/publications\/rapports\/\" target=\"_blank\" rel=\"noopener\"><strong>ICI<\/strong><\/a><\/p>\n<p>Les newsletters de la FARES se trouvent <a href=\"https:\/\/vasos.ch\/fr\/publications\/newsletter\/\" target=\"_blank\" rel=\"noopener\"><strong>ICI<\/strong><\/a><\/p>\n<p>Et les publications de la FARES sont <a href=\"https:\/\/vasos.ch\/fr\/publications\/\" target=\"_blank\" rel=\"noopener\"><strong>ICI<\/strong><\/a>[\/et_pb_text][\/et_pb_column][\/et_pb_row][\/et_pb_section]<\/p>\n","protected":false},"excerpt":{"rendered":"<p>La F\u00e9d\u00e9ration des Associations des retrait\u00e9-e-s et de l&rsquo;entraide en Suisse (FARES) publie des informations utiles. Vous pouvez consulter le site en cliquant sur le logo \u00e0 gauche. Vous trouverez les rapports de la FARES en cliquant ICI Les newsletters de la FARES se trouvent ICI Et les publications de la FARES sont ICI<\/p>\n","protected":false},"author":2,"featured_media":0,"parent":0,"menu_order":0,"comment_status":"closed","ping_status":"closed","template":"","meta":{"_et_pb_use_builder":"on","_et_pb_old_content":"","_et_gb_content_width":"","footnotes":""},"class_list":["post-5029","page","type-page","status-publish","hentry"],"yoast_head":"<!-- This site is optimized with the Yoast SEO plugin v28.3 - https:\/\/yoast.com\/product\/yoast-seo-wordpress\/ -->\n<title>FARES - ffr-sarine<\/title>\n<meta name=\"robots\" content=\"index, follow, max-snippet:-1, max-image-preview:large, max-video-preview:-1\" \/>\n<link rel=\"canonical\" href=\"https:\/\/ffr-sarine.ch\/index.php\/fares\/\" \/>\n<meta property=\"og:locale\" content=\"fr_FR\" \/>\n<meta property=\"og:type\" content=\"article\" \/>\n<meta property=\"og:title\" content=\"FARES - ffr-sarine\" \/>\n<meta property=\"og:description\" content=\"La F\u00e9d\u00e9ration des Associations des retrait\u00e9-e-s et de l&#039;entraide en Suisse (FARES) publie des informations utiles. Vous pouvez consulter le site en cliquant sur le logo \u00e0 gauche. Vous trouverez les rapports de la FARES en cliquant ICI Les newsletters de la FARES se trouvent ICI Et les publications de la FARES sont ICI\" \/>\n<meta property=\"og:url\" content=\"https:\/\/ffr-sarine.ch\/index.php\/fares\/\" \/>\n<meta property=\"og:site_name\" content=\"ffr-sarine\" \/>\n<meta property=\"article:modified_time\" content=\"2024-10-25T09:53:47+00:00\" \/>\n<meta name=\"twitter:card\" content=\"summary_large_image\" \/>\n<meta name=\"twitter:label1\" content=\"Dur\u00e9e de lecture estim\u00e9e\" \/>\n\t<meta name=\"twitter:data1\" content=\"1 minute\" \/>\n<script type=\"application\/ld+json\" class=\"yoast-schema-graph\">{\"@context\":\"https:\\\/\\\/schema.org\",\"@graph\":[{\"@type\":\"WebPage\",\"@id\":\"https:\\\/\\\/ffr-sarine.ch\\\/index.php\\\/fares\\\/\",\"url\":\"https:\\\/\\\/ffr-sarine.ch\\\/index.php\\\/fares\\\/\",\"name\":\"FARES - ffr-sarine\",\"isPartOf\":{\"@id\":\"https:\\\/\\\/ffr-sarine.ch\\\/#website\"},\"datePublished\":\"2024-09-24T07:53:12+00:00\",\"dateModified\":\"2024-10-25T09:53:47+00:00\",\"breadcrumb\":{\"@id\":\"https:\\\/\\\/ffr-sarine.ch\\\/index.php\\\/fares\\\/#breadcrumb\"},\"inLanguage\":\"fr-FR\",\"potentialAction\":[{\"@type\":\"ReadAction\",\"target\":[\"https:\\\/\\\/ffr-sarine.ch\\\/index.php\\\/fares\\\/\"]}]},{\"@type\":\"BreadcrumbList\",\"@id\":\"https:\\\/\\\/ffr-sarine.ch\\\/index.php\\\/fares\\\/#breadcrumb\",\"itemListElement\":[{\"@type\":\"ListItem\",\"position\":1,\"name\":\"Accueil\",\"item\":\"https:\\\/\\\/ffr-sarine.ch\\\/\"},{\"@type\":\"ListItem\",\"position\":2,\"name\":\"FARES\"}]},{\"@type\":\"WebSite\",\"@id\":\"https:\\\/\\\/ffr-sarine.ch\\\/#website\",\"url\":\"https:\\\/\\\/ffr-sarine.ch\\\/\",\"name\":\"ffr-sarine\",\"description\":\"F\u00e9d\u00e9ration Fribourgeoise des Retrait\u00e9s Section Sarine\",\"potentialAction\":[{\"@type\":\"SearchAction\",\"target\":{\"@type\":\"EntryPoint\",\"urlTemplate\":\"https:\\\/\\\/ffr-sarine.ch\\\/?s={search_term_string}\"},\"query-input\":{\"@type\":\"PropertyValueSpecification\",\"valueRequired\":true,\"valueName\":\"search_term_string\"}}],\"inLanguage\":\"fr-FR\"}]}<\/script>\n<!-- \/ Yoast SEO plugin. -->","yoast_head_json":{"title":"FARES - ffr-sarine","robots":{"index":"index","follow":"follow","max-snippet":"max-snippet:-1","max-image-preview":"max-image-preview:large","max-video-preview":"max-video-preview:-1"},"canonical":"https:\/\/ffr-sarine.ch\/index.php\/fares\/","og_locale":"fr_FR","og_type":"article","og_title":"FARES - ffr-sarine","og_description":"La F\u00e9d\u00e9ration des Associations des retrait\u00e9-e-s et de l'entraide en Suisse (FARES) publie des informations utiles. Vous pouvez consulter le site en cliquant sur le logo \u00e0 gauche. Vous trouverez les rapports de la FARES en cliquant ICI Les newsletters de la FARES se trouvent ICI Et les publications de la FARES sont ICI","og_url":"https:\/\/ffr-sarine.ch\/index.php\/fares\/","og_site_name":"ffr-sarine","article_modified_time":"2024-10-25T09:53:47+00:00","twitter_card":"summary_large_image","twitter_misc":{"Dur\u00e9e de lecture estim\u00e9e":"1 minute"},"schema":{"@context":"https:\/\/schema.org","@graph":[{"@type":"WebPage","@id":"https:\/\/ffr-sarine.ch\/index.php\/fares\/","url":"https:\/\/ffr-sarine.ch\/index.php\/fares\/","name":"FARES - ffr-sarine","isPartOf":{"@id":"https:\/\/ffr-sarine.ch\/#website"},"datePublished":"2024-09-24T07:53:12+00:00","dateModified":"2024-10-25T09:53:47+00:00","breadcrumb":{"@id":"https:\/\/ffr-sarine.ch\/index.php\/fares\/#breadcrumb"},"inLanguage":"fr-FR","potentialAction":[{"@type":"ReadAction","target":["https:\/\/ffr-sarine.ch\/index.php\/fares\/"]}]},{"@type":"BreadcrumbList","@id":"https:\/\/ffr-sarine.ch\/index.php\/fares\/#breadcrumb","itemListElement":[{"@type":"ListItem","position":1,"name":"Accueil","item":"https:\/\/ffr-sarine.ch\/"},{"@type":"ListItem","position":2,"name":"FARES"}]},{"@type":"WebSite","@id":"https:\/\/ffr-sarine.ch\/#website","url":"https:\/\/ffr-sarine.ch\/","name":"ffr-sarine","description":"F\u00e9d\u00e9ration Fribourgeoise des Retrait\u00e9s Section Sarine","potentialAction":[{"@type":"SearchAction","target":{"@type":"EntryPoint","urlTemplate":"https:\/\/ffr-sarine.ch\/?s={search_term_string}"},"query-input":{"@type":"PropertyValueSpecification","valueRequired":true,"valueName":"search_term_string"}}],"inLanguage":"fr-FR"}]}},"_links":{"self":[{"href":"https:\/\/ffr-sarine.ch\/index.php\/wp-json\/wp\/v2\/pages\/5029","targetHints":{"allow":["GET"]}}],"collection":[{"href":"https:\/\/ffr-sarine.ch\/index.php\/wp-json\/wp\/v2\/pages"}],"about":[{"href":"https:\/\/ffr-sarine.ch\/index.php\/wp-json\/wp\/v2\/types\/page"}],"author":[{"embeddable":true,"href":"https:\/\/ffr-sarine.ch\/index.php\/wp-json\/wp\/v2\/users\/2"}],"replies":[{"embeddable":true,"href":"https:\/\/ffr-sarine.ch\/index.php\/wp-json\/wp\/v2\/comments?post=5029"}],"version-history":[{"count":8,"href":"https:\/\/ffr-sarine.ch\/index.php\/wp-json\/wp\/v2\/pages\/5029\/revisions"}],"predecessor-version":[{"id":5341,"href":"https:\/\/ffr-sarine.ch\/index.php\/wp-json\/wp\/v2\/pages\/5029\/revisions\/5341"}],"wp:attachment":[{"href":"https:\/\/ffr-sarine.ch\/index.php\/wp-json\/wp\/v2\/media?parent=5029"}],"curies":[{"name":"wp","href":"https:\/\/api.w.org\/{rel}","templated":true}]}}

<p>[et_pb_section fb_built= »1&Prime; _builder_version= »4.27.2&Prime; _module_preset= »default » custom_padding= »2px||7px||| » top_divider_color= »#afafaf » hover_enabled= »0&Prime; global_colors_info= »{} » background_color= »RGBA(255,255,255,0) » min_height= »720px » sticky_enabled= »0&Prime;][et_pb_row column_structure= »2_5,3_5&Prime; _builder_version= »4.16&Prime; _module_preset= »default » min_height= »230px » custom_padding= »89px||5px||| » global_colors_info= »{} »][et_pb_column type= »2_5&Prime; _builder_version= »4.16&Prime; _module_preset= »default » global_colors_info= »{} »][et_pb_image src= »https://ffr-sarine.ch/wp-content/uploads/2024/09/logo-2022_fares.png » title_text= »logo-2022_fares » url= »https://vasos.ch/fr/ » url_new_window= »on » align= »center » admin_label= »logo fares » _builder_version= »4.27.0&Prime; _module_preset= »default » global_colors_info= »{} »][/et_pb_image][/et_pb_column][et_pb_column type= »3_5&Prime; _builder_version= »4.16&Prime; _module_preset= »default » global_colors_info= »{} »][et_pb_text _builder_version= »4.27.2&Prime; _module_preset= »default » text_text_color= »#000000&Prime; text_font_size= »17px » global_colors_info= »{} »]La Fédération des Associations des retraité-e-s et de l&rsquo;entraide en Suisse (FARES) publie des informations utiles.</p>
<p>Vous pouvez consulter le site en cliquant sur le logo à gauche.</p>
<p>Vous trouverez les rapports de la FARES en cliquant <a href="https://vasos.ch/fr/publications/rapports/" target="_blank" rel="noopener"><strong>ICI</strong></a></p>
<p>Les newsletters de la FARES se trouvent <a href="https://vasos.ch/fr/publications/newsletter/" target="_blank" rel="noopener"><strong>ICI</strong></a></p>
<p>Et les publications de la FARES sont <a href="https://vasos.ch/fr/publications/" target="_blank" rel="noopener"><strong>ICI</strong></a>[/et_pb_text][/et_pb_column][/et_pb_row][/et_pb_section]</p>

<p>La Fédération des Associations des retraité-e-s et de l&rsquo;entraide en Suisse (FARES) publie des informations utiles. Vous pouvez consulter le site en cliquant sur le logo à gauche. Vous trouverez les rapports de la FARES en cliquant ICI Les newsletters de la FARES se trouvent ICI Et les publications de la FARES sont ICI</p>

<!-- This site is optimized with the Yoast SEO plugin v28.3 - https://yoast.com/product/yoast-seo-wordpress/ -->
<title>FARES - ffr-sarine</title>
<meta name="robots" content="index, follow, max-snippet:-1, max-image-preview:large, max-video-preview:-1" />
<link rel="canonical" href="https://ffr-sarine.ch/index.php/fares/" />
<meta property="og:locale" content="fr_FR" />
<meta property="og:type" content="article" />
<meta property="og:title" content="FARES - ffr-sarine" />
<meta property="og:description" content="La Fédération des Associations des retraité-e-s et de l&#039;entraide en Suisse (FARES) publie des informations utiles. Vous pouvez consulter le site en cliquant sur le logo à gauche. Vous trouverez les rapports de la FARES en cliquant ICI Les newsletters de la FARES se trouvent ICI Et les publications de la FARES sont ICI" />
<meta property="og:url" content="https://ffr-sarine.ch/index.php/fares/" />
<meta property="og:site_name" content="ffr-sarine" />
<meta property="article:modified_time" content="2024-10-25T09:53:47+00:00" />
<meta name="twitter:card" content="summary_large_image" />
<meta name="twitter:label1" content="Durée de lecture estimée" />
	<meta name="twitter:data1" content="1 minute" />
<script type="application/ld+json" class="yoast-schema-graph">{"@context":"https:\/\/schema.org","@graph":[{"@type":"WebPage","@id":"https:\/\/ffr-sarine.ch\/index.php\/fares\/","url":"https:\/\/ffr-sarine.ch\/index.php\/fares\/","name":"FARES - ffr-sarine","isPartOf":{"@id":"https:\/\/ffr-sarine.ch\/#website"},"datePublished":"2024-09-24T07:53:12+00:00","dateModified":"2024-10-25T09:53:47+00:00","breadcrumb":{"@id":"https:\/\/ffr-sarine.ch\/index.php\/fares\/#breadcrumb"},"inLanguage":"fr-FR","potentialAction":[{"@type":"ReadAction","target":["https:\/\/ffr-sarine.ch\/index.php\/fares\/"]}]},{"@type":"BreadcrumbList","@id":"https:\/\/ffr-sarine.ch\/index.php\/fares\/#breadcrumb","itemListElement":[{"@type":"ListItem","position":1,"name":"Accueil","item":"https:\/\/ffr-sarine.ch\/"},{"@type":"ListItem","position":2,"name":"FARES"}]},{"@type":"WebSite","@id":"https:\/\/ffr-sarine.ch\/#website","url":"https:\/\/ffr-sarine.ch\/","name":"ffr-sarine","description":"Fédération Fribourgeoise des Retraités Section Sarine","potentialAction":[{"@type":"SearchAction","target":{"@type":"EntryPoint","urlTemplate":"https:\/\/ffr-sarine.ch\/?s={search_term_string}"},"query-input":{"@type":"PropertyValueSpecification","valueRequired":true,"valueName":"search_term_string"}}],"inLanguage":"fr-FR"}]}</script>
<!-- / Yoast SEO plugin. -->

La Fédération des Associations des retraité-e-s et de l'entraide en Suisse (FARES) publie des informations utiles. Vous pouvez consulter le site en cliquant sur le logo à gauche. Vous trouverez les rapports de la FARES en cliquant ICI Les newsletters de la FARES se trouvent ICI Et les publications de la FARES sont ICI

Fédération Fribourgeoise des Retraités Section Sarine
