{"id":4057,"date":"2023-06-08T06:46:14","date_gmt":"2023-06-08T06:46:14","guid":{"rendered":"https:\/\/ffr-sarine.ch\/?page_id=4057"},"modified":"2024-11-09T15:48:18","modified_gmt":"2024-11-09T14:48:18","slug":"commission-de-redaction","status":"publish","type":"page","link":"https:\/\/ffr-sarine.ch\/index.php\/commission-de-redaction\/","title":{"rendered":"Commission de r\u00e9daction"},"content":{"rendered":"<p>[et_pb_section fb_built=\u00a0\u00bb1&Prime; _builder_version=\u00a0\u00bb4.27.2&Prime; _module_preset=\u00a0\u00bbdefault\u00a0\u00bb background_color=\u00a0\u00bbRGBA(255,255,255,0)\u00a0\u00bb min_height=\u00a0\u00bb720px\u00a0\u00bb custom_padding=\u00a0\u00bb||0px|||\u00a0\u00bb top_divider_color=\u00a0\u00bb#afafaf\u00a0\u00bb global_colors_info=\u00a0\u00bb{}\u00a0\u00bb][et_pb_row column_structure=\u00a0\u00bb1_3,2_3&Prime; _builder_version=\u00a0\u00bb4.16&Prime; _module_preset=\u00a0\u00bbdefault\u00a0\u00bb global_colors_info=\u00a0\u00bb{}\u00a0\u00bb][et_pb_column type=\u00a0\u00bb1_3&Prime; _builder_version=\u00a0\u00bb4.16&Prime; _module_preset=\u00a0\u00bbdefault\u00a0\u00bb global_colors_info=\u00a0\u00bb{}\u00a0\u00bb][et_pb_image _builder_version=\u00a0\u00bb4.27.2&Prime; _module_preset=\u00a0\u00bbdefault\u00a0\u00bb title_text=\u00a0\u00bbLogo FFR Section Sarine\u00a0\u00bb src=\u00a0\u00bbhttps:\/\/ffr-sarine.ch\/wp-content\/uploads\/2024\/11\/logo_ffrss_cb_text_274x120t.png\u00a0\u00bb url=\u00a0\u00bbhttps:\/\/ffr-sarine.ch\/\u00a0\u00bb admin_label=\u00a0\u00bbimage ffrss\u00a0\u00bb align=\u00a0\u00bbcenter\u00a0\u00bb hover_enabled=\u00a0\u00bb0&Prime; sticky_enabled=\u00a0\u00bb0&Prime;][\/et_pb_image][\/et_pb_column][et_pb_column type=\u00a0\u00bb2_3&Prime; _builder_version=\u00a0\u00bb4.16&Prime; _module_preset=\u00a0\u00bbdefault\u00a0\u00bb global_colors_info=\u00a0\u00bb{}\u00a0\u00bb][et_pb_text admin_label=\u00a0\u00bbtitre commission r\u00e9daction..\u00a0\u00bb _builder_version=\u00a0\u00bb4.25.2&Prime; _module_preset=\u00a0\u00bbdefault\u00a0\u00bb text_text_color=\u00a0\u00bb#000000&Prime; text_font_size=\u00a0\u00bb21px\u00a0\u00bb text_line_height=\u00a0\u00bb1.8em\u00a0\u00bb header_line_height=\u00a0\u00bb1.3em\u00a0\u00bb global_colors_info=\u00a0\u00bb{}\u00a0\u00bb]<\/p>\n<p style=\"text-align: left;\"><strong>Commission de r\u00e9daction<\/strong><\/p>\n<p>Cette nouvelle commission s&rsquo;occupe principalement de choisir des th\u00e8mes et des articles int\u00e9ressants pour notre journal Horizon qui para\u00eet semestriellement au printemps et en automne.<\/p>\n<p>Notre repr\u00e9sentante est Madame Claire R\u00f6lli.<\/p>\n<p>Utilisez notre formulaire de <a href=\"https:\/\/ffr-sarine.ch\/index.php\/contact\/\">contact<\/a> pour avoir plus d&rsquo;informations.<\/p>\n<p>[\/et_pb_text][\/et_pb_column][\/et_pb_row][\/et_pb_section]<\/p>\n","protected":false},"excerpt":{"rendered":"<p>Commission de r\u00e9daction Cette nouvelle commission s&rsquo;occupe principalement de choisir des th\u00e8mes et des articles int\u00e9ressants pour notre journal Horizon qui para\u00eet semestriellement au printemps et en automne. Notre repr\u00e9sentante est Madame Claire R\u00f6lli. Utilisez notre formulaire de contact pour avoir plus d&rsquo;informations.<\/p>\n","protected":false},"author":1,"featured_media":0,"parent":0,"menu_order":0,"comment_status":"closed","ping_status":"closed","template":"","meta":{"_et_pb_use_builder":"on","_et_pb_old_content":"","_et_gb_content_width":"","footnotes":""},"class_list":["post-4057","page","type-page","status-publish","hentry"],"yoast_head":"<!-- This site is optimized with the Yoast SEO plugin v28.3 - https:\/\/yoast.com\/product\/yoast-seo-wordpress\/ -->\n<title>Commission de r\u00e9daction - ffr-sarine<\/title>\n<meta name=\"robots\" content=\"index, follow, max-snippet:-1, max-image-preview:large, max-video-preview:-1\" \/>\n<link rel=\"canonical\" href=\"https:\/\/ffr-sarine.ch\/index.php\/commission-de-redaction\/\" \/>\n<meta property=\"og:locale\" content=\"fr_FR\" \/>\n<meta property=\"og:type\" content=\"article\" \/>\n<meta property=\"og:title\" content=\"Commission de r\u00e9daction - ffr-sarine\" \/>\n<meta property=\"og:description\" content=\"Commission de r\u00e9daction Cette nouvelle commission s&#039;occupe principalement de choisir des th\u00e8mes et des articles int\u00e9ressants pour notre journal Horizon qui para\u00eet semestriellement au printemps et en automne. Notre repr\u00e9sentante est Madame Claire R\u00f6lli. Utilisez notre formulaire de contact pour avoir plus d&#039;informations.\" \/>\n<meta property=\"og:url\" content=\"https:\/\/ffr-sarine.ch\/index.php\/commission-de-redaction\/\" \/>\n<meta property=\"og:site_name\" content=\"ffr-sarine\" \/>\n<meta property=\"article:modified_time\" content=\"2024-11-09T14:48:18+00:00\" \/>\n<meta name=\"twitter:card\" content=\"summary_large_image\" \/>\n<meta name=\"twitter:label1\" content=\"Dur\u00e9e de lecture estim\u00e9e\" \/>\n\t<meta name=\"twitter:data1\" content=\"1 minute\" \/>\n<script type=\"application\/ld+json\" class=\"yoast-schema-graph\">{\"@context\":\"https:\\\/\\\/schema.org\",\"@graph\":[{\"@type\":\"WebPage\",\"@id\":\"https:\\\/\\\/ffr-sarine.ch\\\/index.php\\\/commission-de-redaction\\\/\",\"url\":\"https:\\\/\\\/ffr-sarine.ch\\\/index.php\\\/commission-de-redaction\\\/\",\"name\":\"Commission de r\u00e9daction - ffr-sarine\",\"isPartOf\":{\"@id\":\"https:\\\/\\\/ffr-sarine.ch\\\/#website\"},\"datePublished\":\"2023-06-08T06:46:14+00:00\",\"dateModified\":\"2024-11-09T14:48:18+00:00\",\"breadcrumb\":{\"@id\":\"https:\\\/\\\/ffr-sarine.ch\\\/index.php\\\/commission-de-redaction\\\/#breadcrumb\"},\"inLanguage\":\"fr-FR\",\"potentialAction\":[{\"@type\":\"ReadAction\",\"target\":[\"https:\\\/\\\/ffr-sarine.ch\\\/index.php\\\/commission-de-redaction\\\/\"]}]},{\"@type\":\"BreadcrumbList\",\"@id\":\"https:\\\/\\\/ffr-sarine.ch\\\/index.php\\\/commission-de-redaction\\\/#breadcrumb\",\"itemListElement\":[{\"@type\":\"ListItem\",\"position\":1,\"name\":\"Accueil\",\"item\":\"https:\\\/\\\/ffr-sarine.ch\\\/\"},{\"@type\":\"ListItem\",\"position\":2,\"name\":\"Commission de r\u00e9daction\"}]},{\"@type\":\"WebSite\",\"@id\":\"https:\\\/\\\/ffr-sarine.ch\\\/#website\",\"url\":\"https:\\\/\\\/ffr-sarine.ch\\\/\",\"name\":\"ffr-sarine\",\"description\":\"F\u00e9d\u00e9ration Fribourgeoise des Retrait\u00e9s Section Sarine\",\"potentialAction\":[{\"@type\":\"SearchAction\",\"target\":{\"@type\":\"EntryPoint\",\"urlTemplate\":\"https:\\\/\\\/ffr-sarine.ch\\\/?s={search_term_string}\"},\"query-input\":{\"@type\":\"PropertyValueSpecification\",\"valueRequired\":true,\"valueName\":\"search_term_string\"}}],\"inLanguage\":\"fr-FR\"}]}<\/script>\n<!-- \/ Yoast SEO plugin. -->","yoast_head_json":{"title":"Commission de r\u00e9daction - ffr-sarine","robots":{"index":"index","follow":"follow","max-snippet":"max-snippet:-1","max-image-preview":"max-image-preview:large","max-video-preview":"max-video-preview:-1"},"canonical":"https:\/\/ffr-sarine.ch\/index.php\/commission-de-redaction\/","og_locale":"fr_FR","og_type":"article","og_title":"Commission de r\u00e9daction - ffr-sarine","og_description":"Commission de r\u00e9daction Cette nouvelle commission s'occupe principalement de choisir des th\u00e8mes et des articles int\u00e9ressants pour notre journal Horizon qui para\u00eet semestriellement au printemps et en automne. Notre repr\u00e9sentante est Madame Claire R\u00f6lli. Utilisez notre formulaire de contact pour avoir plus d'informations.","og_url":"https:\/\/ffr-sarine.ch\/index.php\/commission-de-redaction\/","og_site_name":"ffr-sarine","article_modified_time":"2024-11-09T14:48:18+00:00","twitter_card":"summary_large_image","twitter_misc":{"Dur\u00e9e de lecture estim\u00e9e":"1 minute"},"schema":{"@context":"https:\/\/schema.org","@graph":[{"@type":"WebPage","@id":"https:\/\/ffr-sarine.ch\/index.php\/commission-de-redaction\/","url":"https:\/\/ffr-sarine.ch\/index.php\/commission-de-redaction\/","name":"Commission de r\u00e9daction - ffr-sarine","isPartOf":{"@id":"https:\/\/ffr-sarine.ch\/#website"},"datePublished":"2023-06-08T06:46:14+00:00","dateModified":"2024-11-09T14:48:18+00:00","breadcrumb":{"@id":"https:\/\/ffr-sarine.ch\/index.php\/commission-de-redaction\/#breadcrumb"},"inLanguage":"fr-FR","potentialAction":[{"@type":"ReadAction","target":["https:\/\/ffr-sarine.ch\/index.php\/commission-de-redaction\/"]}]},{"@type":"BreadcrumbList","@id":"https:\/\/ffr-sarine.ch\/index.php\/commission-de-redaction\/#breadcrumb","itemListElement":[{"@type":"ListItem","position":1,"name":"Accueil","item":"https:\/\/ffr-sarine.ch\/"},{"@type":"ListItem","position":2,"name":"Commission de r\u00e9daction"}]},{"@type":"WebSite","@id":"https:\/\/ffr-sarine.ch\/#website","url":"https:\/\/ffr-sarine.ch\/","name":"ffr-sarine","description":"F\u00e9d\u00e9ration Fribourgeoise des Retrait\u00e9s Section Sarine","potentialAction":[{"@type":"SearchAction","target":{"@type":"EntryPoint","urlTemplate":"https:\/\/ffr-sarine.ch\/?s={search_term_string}"},"query-input":{"@type":"PropertyValueSpecification","valueRequired":true,"valueName":"search_term_string"}}],"inLanguage":"fr-FR"}]}},"_links":{"self":[{"href":"https:\/\/ffr-sarine.ch\/index.php\/wp-json\/wp\/v2\/pages\/4057","targetHints":{"allow":["GET"]}}],"collection":[{"href":"https:\/\/ffr-sarine.ch\/index.php\/wp-json\/wp\/v2\/pages"}],"about":[{"href":"https:\/\/ffr-sarine.ch\/index.php\/wp-json\/wp\/v2\/types\/page"}],"author":[{"embeddable":true,"href":"https:\/\/ffr-sarine.ch\/index.php\/wp-json\/wp\/v2\/users\/1"}],"replies":[{"embeddable":true,"href":"https:\/\/ffr-sarine.ch\/index.php\/wp-json\/wp\/v2\/comments?post=4057"}],"version-history":[{"count":9,"href":"https:\/\/ffr-sarine.ch\/index.php\/wp-json\/wp\/v2\/pages\/4057\/revisions"}],"predecessor-version":[{"id":5444,"href":"https:\/\/ffr-sarine.ch\/index.php\/wp-json\/wp\/v2\/pages\/4057\/revisions\/5444"}],"wp:attachment":[{"href":"https:\/\/ffr-sarine.ch\/index.php\/wp-json\/wp\/v2\/media?parent=4057"}],"curies":[{"name":"wp","href":"https:\/\/api.w.org\/{rel}","templated":true}]}}

Commission de rédaction

<p>[et_pb_section fb_built= »1&Prime; _builder_version= »4.27.2&Prime; _module_preset= »default » background_color= »RGBA(255,255,255,0) » min_height= »720px » custom_padding= »||0px||| » top_divider_color= »#afafaf » global_colors_info= »{} »][et_pb_row column_structure= »1_3,2_3&Prime; _builder_version= »4.16&Prime; _module_preset= »default » global_colors_info= »{} »][et_pb_column type= »1_3&Prime; _builder_version= »4.16&Prime; _module_preset= »default » global_colors_info= »{} »][et_pb_image _builder_version= »4.27.2&Prime; _module_preset= »default » title_text= »Logo FFR Section Sarine » src= »https://ffr-sarine.ch/wp-content/uploads/2024/11/logo_ffrss_cb_text_274x120t.png » url= »https://ffr-sarine.ch/ » admin_label= »image ffrss » align= »center » hover_enabled= »0&Prime; sticky_enabled= »0&Prime;][/et_pb_image][/et_pb_column][et_pb_column type= »2_3&Prime; _builder_version= »4.16&Prime; _module_preset= »default » global_colors_info= »{} »][et_pb_text admin_label= »titre commission rédaction.. » _builder_version= »4.25.2&Prime; _module_preset= »default » text_text_color= »#000000&Prime; text_font_size= »21px » text_line_height= »1.8em » header_line_height= »1.3em » global_colors_info= »{} »]</p>
<p style="text-align: left;"><strong>Commission de rédaction</strong></p>
<p>Cette nouvelle commission s&rsquo;occupe principalement de choisir des thèmes et des articles intéressants pour notre journal Horizon qui paraît semestriellement au printemps et en automne.</p>
<p>Notre représentante est Madame Claire Rölli.</p>
<p>Utilisez notre formulaire de <a href="https://ffr-sarine.ch/index.php/contact/">contact</a> pour avoir plus d&rsquo;informations.</p>
<p>[/et_pb_text][/et_pb_column][/et_pb_row][/et_pb_section]</p>

<p>Commission de rédaction Cette nouvelle commission s&rsquo;occupe principalement de choisir des thèmes et des articles intéressants pour notre journal Horizon qui paraît semestriellement au printemps et en automne. Notre représentante est Madame Claire Rölli. Utilisez notre formulaire de contact pour avoir plus d&rsquo;informations.</p>

<!-- This site is optimized with the Yoast SEO plugin v28.3 - https://yoast.com/product/yoast-seo-wordpress/ -->
<title>Commission de rédaction - ffr-sarine</title>
<meta name="robots" content="index, follow, max-snippet:-1, max-image-preview:large, max-video-preview:-1" />
<link rel="canonical" href="https://ffr-sarine.ch/index.php/commission-de-redaction/" />
<meta property="og:locale" content="fr_FR" />
<meta property="og:type" content="article" />
<meta property="og:title" content="Commission de rédaction - ffr-sarine" />
<meta property="og:description" content="Commission de rédaction Cette nouvelle commission s&#039;occupe principalement de choisir des thèmes et des articles intéressants pour notre journal Horizon qui paraît semestriellement au printemps et en automne. Notre représentante est Madame Claire Rölli. Utilisez notre formulaire de contact pour avoir plus d&#039;informations." />
<meta property="og:url" content="https://ffr-sarine.ch/index.php/commission-de-redaction/" />
<meta property="og:site_name" content="ffr-sarine" />
<meta property="article:modified_time" content="2024-11-09T14:48:18+00:00" />
<meta name="twitter:card" content="summary_large_image" />
<meta name="twitter:label1" content="Durée de lecture estimée" />
	<meta name="twitter:data1" content="1 minute" />
<script type="application/ld+json" class="yoast-schema-graph">{"@context":"https:\/\/schema.org","@graph":[{"@type":"WebPage","@id":"https:\/\/ffr-sarine.ch\/index.php\/commission-de-redaction\/","url":"https:\/\/ffr-sarine.ch\/index.php\/commission-de-redaction\/","name":"Commission de rédaction - ffr-sarine","isPartOf":{"@id":"https:\/\/ffr-sarine.ch\/#website"},"datePublished":"2023-06-08T06:46:14+00:00","dateModified":"2024-11-09T14:48:18+00:00","breadcrumb":{"@id":"https:\/\/ffr-sarine.ch\/index.php\/commission-de-redaction\/#breadcrumb"},"inLanguage":"fr-FR","potentialAction":[{"@type":"ReadAction","target":["https:\/\/ffr-sarine.ch\/index.php\/commission-de-redaction\/"]}]},{"@type":"BreadcrumbList","@id":"https:\/\/ffr-sarine.ch\/index.php\/commission-de-redaction\/#breadcrumb","itemListElement":[{"@type":"ListItem","position":1,"name":"Accueil","item":"https:\/\/ffr-sarine.ch\/"},{"@type":"ListItem","position":2,"name":"Commission de rédaction"}]},{"@type":"WebSite","@id":"https:\/\/ffr-sarine.ch\/#website","url":"https:\/\/ffr-sarine.ch\/","name":"ffr-sarine","description":"Fédération Fribourgeoise des Retraités Section Sarine","potentialAction":[{"@type":"SearchAction","target":{"@type":"EntryPoint","urlTemplate":"https:\/\/ffr-sarine.ch\/?s={search_term_string}"},"query-input":{"@type":"PropertyValueSpecification","valueRequired":true,"valueName":"search_term_string"}}],"inLanguage":"fr-FR"}]}</script>
<!-- / Yoast SEO plugin. -->

Commission de rédaction - ffr-sarine

Commission de rédaction Cette nouvelle commission s'occupe principalement de choisir des thèmes et des articles intéressants pour notre journal Horizon qui paraît semestriellement au printemps et en automne. Notre représentante est Madame Claire Rölli. Utilisez notre formulaire de contact pour avoir plus d'informations.

Fédération Fribourgeoise des Retraités Section Sarine
