{"id":3368,"date":"2022-03-15T17:49:38","date_gmt":"2022-03-15T17:49:38","guid":{"rendered":"https:\/\/ffr-sarine.ch\/?page_id=3368"},"modified":"2024-10-25T12:31:47","modified_gmt":"2024-10-25T10:31:47","slug":"psinfo","status":"publish","type":"page","link":"https:\/\/ffr-sarine.ch\/index.php\/psinfo\/","title":{"rendered":"PS info"},"content":{"rendered":"<p>[et_pb_section fb_built=\u00a0\u00bb1&Prime; _builder_version=\u00a0\u00bb4.27.2&Prime; _module_preset=\u00a0\u00bbdefault\u00a0\u00bb top_divider_color=\u00a0\u00bb#afafaf\u00a0\u00bb hover_enabled=\u00a0\u00bb0&Prime; global_colors_info=\u00a0\u00bb{}\u00a0\u00bb background_color=\u00a0\u00bbRGBA(255,255,255,0)\u00a0\u00bb min_height=\u00a0\u00bb720px\u00a0\u00bb sticky_enabled=\u00a0\u00bb0&Prime;][et_pb_row column_structure=\u00a0\u00bb1_3,2_3&Prime; _builder_version=\u00a0\u00bb4.16&Prime; _module_preset=\u00a0\u00bbdefault\u00a0\u00bb global_colors_info=\u00a0\u00bb{}\u00a0\u00bb][et_pb_column type=\u00a0\u00bb1_3&Prime; _builder_version=\u00a0\u00bb4.16&Prime; _module_preset=\u00a0\u00bbdefault\u00a0\u00bb global_colors_info=\u00a0\u00bb{}\u00a0\u00bb][et_pb_image src=\u00a0\u00bbhttps:\/\/ffr-sarine.ch\/wp-content\/uploads\/2024\/09\/logo_pro-senectute.png\u00a0\u00bb title_text=\u00a0\u00bblogo_pro-senectute\u00a0\u00bb align=\u00a0\u00bbcenter\u00a0\u00bb admin_label=\u00a0\u00bblogo pro senectute\u00a0\u00bb _builder_version=\u00a0\u00bb4.27.0&Prime; _module_preset=\u00a0\u00bbdefault\u00a0\u00bb global_colors_info=\u00a0\u00bb{}\u00a0\u00bb][\/et_pb_image][\/et_pb_column][et_pb_column type=\u00a0\u00bb2_3&Prime; _builder_version=\u00a0\u00bb4.16&Prime; _module_preset=\u00a0\u00bbdefault\u00a0\u00bb global_colors_info=\u00a0\u00bb{}\u00a0\u00bb][et_pb_text _builder_version=\u00a0\u00bb4.27.0&Prime; _module_preset=\u00a0\u00bbdefault\u00a0\u00bb text_text_color=\u00a0\u00bb#000000&Prime; text_font_size=\u00a0\u00bb18px\u00a0\u00bb global_colors_info=\u00a0\u00bb{}\u00a0\u00bb]<\/p>\n<p><strong>Psinfo<\/strong> : la revue gratuite consacr\u00e9e \u00e0 la vieillesse<\/p>\n<p>La revue informe sur toutes les questions en lien avec la vieillesse, le vieillissement et les relations interg\u00e9n\u00e9rationnelles, ainsi que sur les diff\u00e9rents domaines de prestations de Pro Senectute. Le journal donne la parole aux sp\u00e9cialistes des organisations de Pro Senectute, mais ouvre aussi ses colonnes \u00e0 des auteurs externes.<\/p>\n<p>Cliquez sur le lien suivant pour <a href=\"https:\/\/www.prosenectute.ch\/fr\/espace-pro\/publications\/ps-info.html\" target=\"_blank\" rel=\"noopener\">Psinfo en fran\u00e7ais<\/a><\/p>\n<p>Cliquez sur le lien suivant pour <a href=\"https:\/\/www.prosenectute.ch\/de\/fachwelt\/publikationen\/ps-info.html\" target=\"_blank\" rel=\"noopener\">Psinfo en allemand<\/a><\/p>\n<p>Cliquez sur le lien suivant pour <a href=\"https:\/\/www.prosenectute.ch\/it\/esperti\/pubblicazioni\/ps-info.html\" target=\"_blank\" rel=\"noopener\">Psinfo en italien<\/a><\/p>\n<p>[\/et_pb_text][\/et_pb_column][\/et_pb_row][\/et_pb_section]<\/p>\n","protected":false},"excerpt":{"rendered":"<p>Psinfo : la revue gratuite consacr\u00e9e \u00e0 la vieillesse La revue informe sur toutes les questions en lien avec la vieillesse, le vieillissement et les relations interg\u00e9n\u00e9rationnelles, ainsi que sur les diff\u00e9rents domaines de prestations de Pro Senectute. Le journal donne la parole aux sp\u00e9cialistes des organisations de Pro Senectute, mais ouvre aussi ses colonnes [&hellip;]<\/p>\n","protected":false},"author":1,"featured_media":0,"parent":0,"menu_order":0,"comment_status":"closed","ping_status":"closed","template":"","meta":{"_et_pb_use_builder":"on","_et_pb_old_content":"","_et_gb_content_width":"","footnotes":""},"class_list":["post-3368","page","type-page","status-publish","hentry"],"yoast_head":"<!-- This site is optimized with the Yoast SEO plugin v28.3 - https:\/\/yoast.com\/product\/yoast-seo-wordpress\/ -->\n<title>PS info - ffr-sarine<\/title>\n<meta name=\"robots\" content=\"index, follow, max-snippet:-1, max-image-preview:large, max-video-preview:-1\" \/>\n<link rel=\"canonical\" href=\"https:\/\/ffr-sarine.ch\/index.php\/psinfo\/\" \/>\n<meta property=\"og:locale\" content=\"fr_FR\" \/>\n<meta property=\"og:type\" content=\"article\" \/>\n<meta property=\"og:title\" content=\"PS info - ffr-sarine\" \/>\n<meta property=\"og:description\" content=\"Psinfo : la revue gratuite consacr\u00e9e \u00e0 la vieillesse La revue informe sur toutes les questions en lien avec la vieillesse, le vieillissement et les relations interg\u00e9n\u00e9rationnelles, ainsi que sur les diff\u00e9rents domaines de prestations de Pro Senectute. Le journal donne la parole aux sp\u00e9cialistes des organisations de Pro Senectute, mais ouvre aussi ses colonnes [&hellip;]\" \/>\n<meta property=\"og:url\" content=\"https:\/\/ffr-sarine.ch\/index.php\/psinfo\/\" \/>\n<meta property=\"og:site_name\" content=\"ffr-sarine\" \/>\n<meta property=\"article:modified_time\" content=\"2024-10-25T10:31:47+00:00\" \/>\n<meta name=\"twitter:card\" content=\"summary_large_image\" \/>\n<meta name=\"twitter:label1\" content=\"Dur\u00e9e de lecture estim\u00e9e\" \/>\n\t<meta name=\"twitter:data1\" content=\"1 minute\" \/>\n<script type=\"application\/ld+json\" class=\"yoast-schema-graph\">{\"@context\":\"https:\\\/\\\/schema.org\",\"@graph\":[{\"@type\":\"WebPage\",\"@id\":\"https:\\\/\\\/ffr-sarine.ch\\\/index.php\\\/psinfo\\\/\",\"url\":\"https:\\\/\\\/ffr-sarine.ch\\\/index.php\\\/psinfo\\\/\",\"name\":\"PS info - ffr-sarine\",\"isPartOf\":{\"@id\":\"https:\\\/\\\/ffr-sarine.ch\\\/#website\"},\"datePublished\":\"2022-03-15T17:49:38+00:00\",\"dateModified\":\"2024-10-25T10:31:47+00:00\",\"breadcrumb\":{\"@id\":\"https:\\\/\\\/ffr-sarine.ch\\\/index.php\\\/psinfo\\\/#breadcrumb\"},\"inLanguage\":\"fr-FR\",\"potentialAction\":[{\"@type\":\"ReadAction\",\"target\":[\"https:\\\/\\\/ffr-sarine.ch\\\/index.php\\\/psinfo\\\/\"]}]},{\"@type\":\"BreadcrumbList\",\"@id\":\"https:\\\/\\\/ffr-sarine.ch\\\/index.php\\\/psinfo\\\/#breadcrumb\",\"itemListElement\":[{\"@type\":\"ListItem\",\"position\":1,\"name\":\"Accueil\",\"item\":\"https:\\\/\\\/ffr-sarine.ch\\\/\"},{\"@type\":\"ListItem\",\"position\":2,\"name\":\"PS info\"}]},{\"@type\":\"WebSite\",\"@id\":\"https:\\\/\\\/ffr-sarine.ch\\\/#website\",\"url\":\"https:\\\/\\\/ffr-sarine.ch\\\/\",\"name\":\"ffr-sarine\",\"description\":\"F\u00e9d\u00e9ration Fribourgeoise des Retrait\u00e9s Section Sarine\",\"potentialAction\":[{\"@type\":\"SearchAction\",\"target\":{\"@type\":\"EntryPoint\",\"urlTemplate\":\"https:\\\/\\\/ffr-sarine.ch\\\/?s={search_term_string}\"},\"query-input\":{\"@type\":\"PropertyValueSpecification\",\"valueRequired\":true,\"valueName\":\"search_term_string\"}}],\"inLanguage\":\"fr-FR\"}]}<\/script>\n<!-- \/ Yoast SEO plugin. -->","yoast_head_json":{"title":"PS info - ffr-sarine","robots":{"index":"index","follow":"follow","max-snippet":"max-snippet:-1","max-image-preview":"max-image-preview:large","max-video-preview":"max-video-preview:-1"},"canonical":"https:\/\/ffr-sarine.ch\/index.php\/psinfo\/","og_locale":"fr_FR","og_type":"article","og_title":"PS info - ffr-sarine","og_description":"Psinfo : la revue gratuite consacr\u00e9e \u00e0 la vieillesse La revue informe sur toutes les questions en lien avec la vieillesse, le vieillissement et les relations interg\u00e9n\u00e9rationnelles, ainsi que sur les diff\u00e9rents domaines de prestations de Pro Senectute. Le journal donne la parole aux sp\u00e9cialistes des organisations de Pro Senectute, mais ouvre aussi ses colonnes [&hellip;]","og_url":"https:\/\/ffr-sarine.ch\/index.php\/psinfo\/","og_site_name":"ffr-sarine","article_modified_time":"2024-10-25T10:31:47+00:00","twitter_card":"summary_large_image","twitter_misc":{"Dur\u00e9e de lecture estim\u00e9e":"1 minute"},"schema":{"@context":"https:\/\/schema.org","@graph":[{"@type":"WebPage","@id":"https:\/\/ffr-sarine.ch\/index.php\/psinfo\/","url":"https:\/\/ffr-sarine.ch\/index.php\/psinfo\/","name":"PS info - ffr-sarine","isPartOf":{"@id":"https:\/\/ffr-sarine.ch\/#website"},"datePublished":"2022-03-15T17:49:38+00:00","dateModified":"2024-10-25T10:31:47+00:00","breadcrumb":{"@id":"https:\/\/ffr-sarine.ch\/index.php\/psinfo\/#breadcrumb"},"inLanguage":"fr-FR","potentialAction":[{"@type":"ReadAction","target":["https:\/\/ffr-sarine.ch\/index.php\/psinfo\/"]}]},{"@type":"BreadcrumbList","@id":"https:\/\/ffr-sarine.ch\/index.php\/psinfo\/#breadcrumb","itemListElement":[{"@type":"ListItem","position":1,"name":"Accueil","item":"https:\/\/ffr-sarine.ch\/"},{"@type":"ListItem","position":2,"name":"PS info"}]},{"@type":"WebSite","@id":"https:\/\/ffr-sarine.ch\/#website","url":"https:\/\/ffr-sarine.ch\/","name":"ffr-sarine","description":"F\u00e9d\u00e9ration Fribourgeoise des Retrait\u00e9s Section Sarine","potentialAction":[{"@type":"SearchAction","target":{"@type":"EntryPoint","urlTemplate":"https:\/\/ffr-sarine.ch\/?s={search_term_string}"},"query-input":{"@type":"PropertyValueSpecification","valueRequired":true,"valueName":"search_term_string"}}],"inLanguage":"fr-FR"}]}},"_links":{"self":[{"href":"https:\/\/ffr-sarine.ch\/index.php\/wp-json\/wp\/v2\/pages\/3368","targetHints":{"allow":["GET"]}}],"collection":[{"href":"https:\/\/ffr-sarine.ch\/index.php\/wp-json\/wp\/v2\/pages"}],"about":[{"href":"https:\/\/ffr-sarine.ch\/index.php\/wp-json\/wp\/v2\/types\/page"}],"author":[{"embeddable":true,"href":"https:\/\/ffr-sarine.ch\/index.php\/wp-json\/wp\/v2\/users\/1"}],"replies":[{"embeddable":true,"href":"https:\/\/ffr-sarine.ch\/index.php\/wp-json\/wp\/v2\/comments?post=3368"}],"version-history":[{"count":16,"href":"https:\/\/ffr-sarine.ch\/index.php\/wp-json\/wp\/v2\/pages\/3368\/revisions"}],"predecessor-version":[{"id":5364,"href":"https:\/\/ffr-sarine.ch\/index.php\/wp-json\/wp\/v2\/pages\/3368\/revisions\/5364"}],"wp:attachment":[{"href":"https:\/\/ffr-sarine.ch\/index.php\/wp-json\/wp\/v2\/media?parent=3368"}],"curies":[{"name":"wp","href":"https:\/\/api.w.org\/{rel}","templated":true}]}}

<p>[et_pb_section fb_built= »1&Prime; _builder_version= »4.27.2&Prime; _module_preset= »default » top_divider_color= »#afafaf » hover_enabled= »0&Prime; global_colors_info= »{} » background_color= »RGBA(255,255,255,0) » min_height= »720px » sticky_enabled= »0&Prime;][et_pb_row column_structure= »1_3,2_3&Prime; _builder_version= »4.16&Prime; _module_preset= »default » global_colors_info= »{} »][et_pb_column type= »1_3&Prime; _builder_version= »4.16&Prime; _module_preset= »default » global_colors_info= »{} »][et_pb_image src= »https://ffr-sarine.ch/wp-content/uploads/2024/09/logo_pro-senectute.png » title_text= »logo_pro-senectute » align= »center » admin_label= »logo pro senectute » _builder_version= »4.27.0&Prime; _module_preset= »default » global_colors_info= »{} »][/et_pb_image][/et_pb_column][et_pb_column type= »2_3&Prime; _builder_version= »4.16&Prime; _module_preset= »default » global_colors_info= »{} »][et_pb_text _builder_version= »4.27.0&Prime; _module_preset= »default » text_text_color= »#000000&Prime; text_font_size= »18px » global_colors_info= »{} »]</p>
<p><strong>Psinfo</strong> : la revue gratuite consacrée à la vieillesse</p>
<p>La revue informe sur toutes les questions en lien avec la vieillesse, le vieillissement et les relations intergénérationnelles, ainsi que sur les différents domaines de prestations de Pro Senectute. Le journal donne la parole aux spécialistes des organisations de Pro Senectute, mais ouvre aussi ses colonnes à des auteurs externes.</p>
<p>Cliquez sur le lien suivant pour <a href="https://www.prosenectute.ch/fr/espace-pro/publications/ps-info.html" target="_blank" rel="noopener">Psinfo en français</a></p>
<p>Cliquez sur le lien suivant pour <a href="https://www.prosenectute.ch/de/fachwelt/publikationen/ps-info.html" target="_blank" rel="noopener">Psinfo en allemand</a></p>
<p>Cliquez sur le lien suivant pour <a href="https://www.prosenectute.ch/it/esperti/pubblicazioni/ps-info.html" target="_blank" rel="noopener">Psinfo en italien</a></p>
<p>[/et_pb_text][/et_pb_column][/et_pb_row][/et_pb_section]</p>

<p>Psinfo : la revue gratuite consacrée à la vieillesse La revue informe sur toutes les questions en lien avec la vieillesse, le vieillissement et les relations intergénérationnelles, ainsi que sur les différents domaines de prestations de Pro Senectute. Le journal donne la parole aux spécialistes des organisations de Pro Senectute, mais ouvre aussi ses colonnes [&hellip;]</p>

<!-- This site is optimized with the Yoast SEO plugin v28.3 - https://yoast.com/product/yoast-seo-wordpress/ -->
<title>PS info - ffr-sarine</title>
<meta name="robots" content="index, follow, max-snippet:-1, max-image-preview:large, max-video-preview:-1" />
<link rel="canonical" href="https://ffr-sarine.ch/index.php/psinfo/" />
<meta property="og:locale" content="fr_FR" />
<meta property="og:type" content="article" />
<meta property="og:title" content="PS info - ffr-sarine" />
<meta property="og:description" content="Psinfo : la revue gratuite consacrée à la vieillesse La revue informe sur toutes les questions en lien avec la vieillesse, le vieillissement et les relations intergénérationnelles, ainsi que sur les différents domaines de prestations de Pro Senectute. Le journal donne la parole aux spécialistes des organisations de Pro Senectute, mais ouvre aussi ses colonnes [&hellip;]" />
<meta property="og:url" content="https://ffr-sarine.ch/index.php/psinfo/" />
<meta property="og:site_name" content="ffr-sarine" />
<meta property="article:modified_time" content="2024-10-25T10:31:47+00:00" />
<meta name="twitter:card" content="summary_large_image" />
<meta name="twitter:label1" content="Durée de lecture estimée" />
	<meta name="twitter:data1" content="1 minute" />
<script type="application/ld+json" class="yoast-schema-graph">{"@context":"https:\/\/schema.org","@graph":[{"@type":"WebPage","@id":"https:\/\/ffr-sarine.ch\/index.php\/psinfo\/","url":"https:\/\/ffr-sarine.ch\/index.php\/psinfo\/","name":"PS info - ffr-sarine","isPartOf":{"@id":"https:\/\/ffr-sarine.ch\/#website"},"datePublished":"2022-03-15T17:49:38+00:00","dateModified":"2024-10-25T10:31:47+00:00","breadcrumb":{"@id":"https:\/\/ffr-sarine.ch\/index.php\/psinfo\/#breadcrumb"},"inLanguage":"fr-FR","potentialAction":[{"@type":"ReadAction","target":["https:\/\/ffr-sarine.ch\/index.php\/psinfo\/"]}]},{"@type":"BreadcrumbList","@id":"https:\/\/ffr-sarine.ch\/index.php\/psinfo\/#breadcrumb","itemListElement":[{"@type":"ListItem","position":1,"name":"Accueil","item":"https:\/\/ffr-sarine.ch\/"},{"@type":"ListItem","position":2,"name":"PS info"}]},{"@type":"WebSite","@id":"https:\/\/ffr-sarine.ch\/#website","url":"https:\/\/ffr-sarine.ch\/","name":"ffr-sarine","description":"Fédération Fribourgeoise des Retraités Section Sarine","potentialAction":[{"@type":"SearchAction","target":{"@type":"EntryPoint","urlTemplate":"https:\/\/ffr-sarine.ch\/?s={search_term_string}"},"query-input":{"@type":"PropertyValueSpecification","valueRequired":true,"valueName":"search_term_string"}}],"inLanguage":"fr-FR"}]}</script>
<!-- / Yoast SEO plugin. -->

Psinfo : la revue gratuite consacrée à la vieillesse La revue informe sur toutes les questions en lien avec la vieillesse, le vieillissement et les relations intergénérationnelles, ainsi que sur les différents domaines de prestations de Pro Senectute. Le journal donne la parole aux spécialistes des organisations de Pro Senectute, mais ouvre aussi ses colonnes [&hellip;]

Fédération Fribourgeoise des Retraités Section Sarine
