{"id":2809,"date":"2021-07-03T08:21:30","date_gmt":"2021-07-03T08:21:30","guid":{"rendered":"https:\/\/ffr-sarine.ch\/?page_id=2809"},"modified":"2024-10-25T11:44:27","modified_gmt":"2024-10-25T09:44:27","slug":"comm-css","status":"publish","type":"page","link":"https:\/\/ffr-sarine.ch\/index.php\/comm-css\/","title":{"rendered":"Commission Sant\u00e9-Social"},"content":{"rendered":"<p>[et_pb_section fb_built=\u00a0\u00bb1&Prime; _builder_version=\u00a0\u00bb4.27.2&Prime; _module_preset=\u00a0\u00bbdefault\u00a0\u00bb custom_padding=\u00a0\u00bb||0px|||\u00a0\u00bb top_divider_color=\u00a0\u00bb#afafaf\u00a0\u00bb hover_enabled=\u00a0\u00bb0&Prime; global_colors_info=\u00a0\u00bb{}\u00a0\u00bb background_color=\u00a0\u00bbRGBA(255,255,255,0)\u00a0\u00bb min_height=\u00a0\u00bb720px\u00a0\u00bb sticky_enabled=\u00a0\u00bb0&Prime;][et_pb_row column_structure=\u00a0\u00bb1_3,2_3&Prime; _builder_version=\u00a0\u00bb4.16&Prime; _module_preset=\u00a0\u00bbdefault\u00a0\u00bb global_colors_info=\u00a0\u00bb{}\u00a0\u00bb][et_pb_column type=\u00a0\u00bb1_3&Prime; _builder_version=\u00a0\u00bb4.16&Prime; _module_preset=\u00a0\u00bbdefault\u00a0\u00bb global_colors_info=\u00a0\u00bb{}\u00a0\u00bb][et_pb_image src=\u00a0\u00bbhttps:\/\/ffr-sarine.ch\/wp-content\/uploads\/2024\/05\/ffr-sarine_Janine-Kohler.png\u00a0\u00bb title_text=\u00a0\u00bbffr-sarine_Janine-Kohler\u00a0\u00bb admin_label=\u00a0\u00bbPhoto Janine Kohler\u00a0\u00bb _builder_version=\u00a0\u00bb4.25.2&Prime; _module_preset=\u00a0\u00bbdefault\u00a0\u00bb border_radii=\u00a0\u00bbon|360px|360px|360px|360px\u00a0\u00bb global_colors_info=\u00a0\u00bb{}\u00a0\u00bb][\/et_pb_image][\/et_pb_column][et_pb_column type=\u00a0\u00bb2_3&Prime; _builder_version=\u00a0\u00bb4.16&Prime; _module_preset=\u00a0\u00bbdefault\u00a0\u00bb global_colors_info=\u00a0\u00bb{}\u00a0\u00bb][et_pb_text admin_label=\u00a0\u00bbtitre afin de d\u00e9fendre &#8230;\u00a0\u00bb _builder_version=\u00a0\u00bb4.25.2&Prime; _module_preset=\u00a0\u00bbdefault\u00a0\u00bb text_text_color=\u00a0\u00bb#000000&Prime; text_font_size=\u00a0\u00bb21px\u00a0\u00bb text_line_height=\u00a0\u00bb1.8em\u00a0\u00bb global_colors_info=\u00a0\u00bb{}\u00a0\u00bb]<\/p>\n<p style=\"text-align: left;\">Afin de d\u00e9fendre vos int\u00e9r\u00eats aupr\u00e8s des instances cantonales, la section Sarine a nomm\u00e9 <strong>Madame Janine Kohler<\/strong> en qualit\u00e9 de d\u00e9l\u00e9gu\u00e9 au sein de la <strong>CSS &#8211; Commission Sant\u00e9 Social<\/strong><\/p>\n<p><strong>Quel est le r\u00f4le de cette commission ?<\/strong><\/p>\n<p>Elle prend position sur des projets de lois, suit les d\u00e9veloppements et tendances dans le domaine de la sant\u00e9, que ce soit sur le plan cantonal ou national<\/p>\n<p><strong>Exemples de sujets trait\u00e9s :<\/strong><\/p>\n<ul>\n<li>Prise de position sur le PCAA plan cantonal action alcool de la Direction de la Sant\u00e9<\/li>\n<li>Suivi du projet Silver home appartement pilote pour les g\u00e9rontechnologies.<\/li>\n<li>Maintien du financement des m\u00e9dicaments en EMS c&rsquo;est-\u00e0-dire l&rsquo;achat et la distribution des m\u00e9dicaments dans les homes. Cette pratique mise sur pied depuis 15 ans permet d&rsquo;\u00e9conomiser 3,5 millions par ann\u00e9e. Les caisses-maladies n&rsquo;en veulent pas. Une lettre a \u00e9t\u00e9 adress\u00e9e aux fa\u00eeti\u00e8res des assurances maladie.<\/li>\n<li>Prise de position sur la r\u00e9vision de la loi pour l&rsquo;aide sociale.<\/li>\n<\/ul>\n<p>Utilisez notre formulaire de <a href=\"https:\/\/ffr-sarine.ch\/index.php\/contact\/\">contact<\/a> pour avoir plus d&rsquo;informations.[\/et_pb_text][\/et_pb_column][\/et_pb_row][\/et_pb_section]<\/p>\n","protected":false},"excerpt":{"rendered":"<p>Afin de d\u00e9fendre vos int\u00e9r\u00eats aupr\u00e8s des instances cantonales, la section Sarine a nomm\u00e9 Madame Janine Kohler en qualit\u00e9 de d\u00e9l\u00e9gu\u00e9 au sein de la CSS &#8211; Commission Sant\u00e9 Social Quel est le r\u00f4le de cette commission ? Elle prend position sur des projets de lois, suit les d\u00e9veloppements et tendances dans le domaine de [&hellip;]<\/p>\n","protected":false},"author":1,"featured_media":0,"parent":0,"menu_order":0,"comment_status":"closed","ping_status":"closed","template":"","meta":{"_et_pb_use_builder":"on","_et_pb_old_content":"","_et_gb_content_width":"","footnotes":""},"class_list":["post-2809","page","type-page","status-publish","hentry"],"yoast_head":"<!-- This site is optimized with the Yoast SEO plugin v28.3 - https:\/\/yoast.com\/product\/yoast-seo-wordpress\/ -->\n<title>Commission Sant\u00e9-Social - ffr-sarine<\/title>\n<meta name=\"robots\" content=\"index, follow, max-snippet:-1, max-image-preview:large, max-video-preview:-1\" \/>\n<link rel=\"canonical\" href=\"https:\/\/ffr-sarine.ch\/index.php\/comm-css\/\" \/>\n<meta property=\"og:locale\" content=\"fr_FR\" \/>\n<meta property=\"og:type\" content=\"article\" \/>\n<meta property=\"og:title\" content=\"Commission Sant\u00e9-Social - ffr-sarine\" \/>\n<meta property=\"og:description\" content=\"Afin de d\u00e9fendre vos int\u00e9r\u00eats aupr\u00e8s des instances cantonales, la section Sarine a nomm\u00e9 Madame Janine Kohler en qualit\u00e9 de d\u00e9l\u00e9gu\u00e9 au sein de la CSS - Commission Sant\u00e9 Social Quel est le r\u00f4le de cette commission ? Elle prend position sur des projets de lois, suit les d\u00e9veloppements et tendances dans le domaine de [&hellip;]\" \/>\n<meta property=\"og:url\" content=\"https:\/\/ffr-sarine.ch\/index.php\/comm-css\/\" \/>\n<meta property=\"og:site_name\" content=\"ffr-sarine\" \/>\n<meta property=\"article:modified_time\" content=\"2024-10-25T09:44:27+00:00\" \/>\n<meta name=\"twitter:card\" content=\"summary_large_image\" \/>\n<meta name=\"twitter:label1\" content=\"Dur\u00e9e de lecture estim\u00e9e\" \/>\n\t<meta name=\"twitter:data1\" content=\"2 minutes\" \/>\n<script type=\"application\/ld+json\" class=\"yoast-schema-graph\">{\"@context\":\"https:\\\/\\\/schema.org\",\"@graph\":[{\"@type\":\"WebPage\",\"@id\":\"https:\\\/\\\/ffr-sarine.ch\\\/index.php\\\/comm-css\\\/\",\"url\":\"https:\\\/\\\/ffr-sarine.ch\\\/index.php\\\/comm-css\\\/\",\"name\":\"Commission Sant\u00e9-Social - ffr-sarine\",\"isPartOf\":{\"@id\":\"https:\\\/\\\/ffr-sarine.ch\\\/#website\"},\"datePublished\":\"2021-07-03T08:21:30+00:00\",\"dateModified\":\"2024-10-25T09:44:27+00:00\",\"breadcrumb\":{\"@id\":\"https:\\\/\\\/ffr-sarine.ch\\\/index.php\\\/comm-css\\\/#breadcrumb\"},\"inLanguage\":\"fr-FR\",\"potentialAction\":[{\"@type\":\"ReadAction\",\"target\":[\"https:\\\/\\\/ffr-sarine.ch\\\/index.php\\\/comm-css\\\/\"]}]},{\"@type\":\"BreadcrumbList\",\"@id\":\"https:\\\/\\\/ffr-sarine.ch\\\/index.php\\\/comm-css\\\/#breadcrumb\",\"itemListElement\":[{\"@type\":\"ListItem\",\"position\":1,\"name\":\"Accueil\",\"item\":\"https:\\\/\\\/ffr-sarine.ch\\\/\"},{\"@type\":\"ListItem\",\"position\":2,\"name\":\"Commission Sant\u00e9-Social\"}]},{\"@type\":\"WebSite\",\"@id\":\"https:\\\/\\\/ffr-sarine.ch\\\/#website\",\"url\":\"https:\\\/\\\/ffr-sarine.ch\\\/\",\"name\":\"ffr-sarine\",\"description\":\"F\u00e9d\u00e9ration Fribourgeoise des Retrait\u00e9s Section Sarine\",\"potentialAction\":[{\"@type\":\"SearchAction\",\"target\":{\"@type\":\"EntryPoint\",\"urlTemplate\":\"https:\\\/\\\/ffr-sarine.ch\\\/?s={search_term_string}\"},\"query-input\":{\"@type\":\"PropertyValueSpecification\",\"valueRequired\":true,\"valueName\":\"search_term_string\"}}],\"inLanguage\":\"fr-FR\"}]}<\/script>\n<!-- \/ Yoast SEO plugin. -->","yoast_head_json":{"title":"Commission Sant\u00e9-Social - ffr-sarine","robots":{"index":"index","follow":"follow","max-snippet":"max-snippet:-1","max-image-preview":"max-image-preview:large","max-video-preview":"max-video-preview:-1"},"canonical":"https:\/\/ffr-sarine.ch\/index.php\/comm-css\/","og_locale":"fr_FR","og_type":"article","og_title":"Commission Sant\u00e9-Social - ffr-sarine","og_description":"Afin de d\u00e9fendre vos int\u00e9r\u00eats aupr\u00e8s des instances cantonales, la section Sarine a nomm\u00e9 Madame Janine Kohler en qualit\u00e9 de d\u00e9l\u00e9gu\u00e9 au sein de la CSS - Commission Sant\u00e9 Social Quel est le r\u00f4le de cette commission ? Elle prend position sur des projets de lois, suit les d\u00e9veloppements et tendances dans le domaine de [&hellip;]","og_url":"https:\/\/ffr-sarine.ch\/index.php\/comm-css\/","og_site_name":"ffr-sarine","article_modified_time":"2024-10-25T09:44:27+00:00","twitter_card":"summary_large_image","twitter_misc":{"Dur\u00e9e de lecture estim\u00e9e":"2 minutes"},"schema":{"@context":"https:\/\/schema.org","@graph":[{"@type":"WebPage","@id":"https:\/\/ffr-sarine.ch\/index.php\/comm-css\/","url":"https:\/\/ffr-sarine.ch\/index.php\/comm-css\/","name":"Commission Sant\u00e9-Social - ffr-sarine","isPartOf":{"@id":"https:\/\/ffr-sarine.ch\/#website"},"datePublished":"2021-07-03T08:21:30+00:00","dateModified":"2024-10-25T09:44:27+00:00","breadcrumb":{"@id":"https:\/\/ffr-sarine.ch\/index.php\/comm-css\/#breadcrumb"},"inLanguage":"fr-FR","potentialAction":[{"@type":"ReadAction","target":["https:\/\/ffr-sarine.ch\/index.php\/comm-css\/"]}]},{"@type":"BreadcrumbList","@id":"https:\/\/ffr-sarine.ch\/index.php\/comm-css\/#breadcrumb","itemListElement":[{"@type":"ListItem","position":1,"name":"Accueil","item":"https:\/\/ffr-sarine.ch\/"},{"@type":"ListItem","position":2,"name":"Commission Sant\u00e9-Social"}]},{"@type":"WebSite","@id":"https:\/\/ffr-sarine.ch\/#website","url":"https:\/\/ffr-sarine.ch\/","name":"ffr-sarine","description":"F\u00e9d\u00e9ration Fribourgeoise des Retrait\u00e9s Section Sarine","potentialAction":[{"@type":"SearchAction","target":{"@type":"EntryPoint","urlTemplate":"https:\/\/ffr-sarine.ch\/?s={search_term_string}"},"query-input":{"@type":"PropertyValueSpecification","valueRequired":true,"valueName":"search_term_string"}}],"inLanguage":"fr-FR"}]}},"_links":{"self":[{"href":"https:\/\/ffr-sarine.ch\/index.php\/wp-json\/wp\/v2\/pages\/2809","targetHints":{"allow":["GET"]}}],"collection":[{"href":"https:\/\/ffr-sarine.ch\/index.php\/wp-json\/wp\/v2\/pages"}],"about":[{"href":"https:\/\/ffr-sarine.ch\/index.php\/wp-json\/wp\/v2\/types\/page"}],"author":[{"embeddable":true,"href":"https:\/\/ffr-sarine.ch\/index.php\/wp-json\/wp\/v2\/users\/1"}],"replies":[{"embeddable":true,"href":"https:\/\/ffr-sarine.ch\/index.php\/wp-json\/wp\/v2\/comments?post=2809"}],"version-history":[{"count":10,"href":"https:\/\/ffr-sarine.ch\/index.php\/wp-json\/wp\/v2\/pages\/2809\/revisions"}],"predecessor-version":[{"id":5335,"href":"https:\/\/ffr-sarine.ch\/index.php\/wp-json\/wp\/v2\/pages\/2809\/revisions\/5335"}],"wp:attachment":[{"href":"https:\/\/ffr-sarine.ch\/index.php\/wp-json\/wp\/v2\/media?parent=2809"}],"curies":[{"name":"wp","href":"https:\/\/api.w.org\/{rel}","templated":true}]}}

Commission Santé-Social

<p>[et_pb_section fb_built= »1&Prime; _builder_version= »4.27.2&Prime; _module_preset= »default » custom_padding= »||0px||| » top_divider_color= »#afafaf » hover_enabled= »0&Prime; global_colors_info= »{} » background_color= »RGBA(255,255,255,0) » min_height= »720px » sticky_enabled= »0&Prime;][et_pb_row column_structure= »1_3,2_3&Prime; _builder_version= »4.16&Prime; _module_preset= »default » global_colors_info= »{} »][et_pb_column type= »1_3&Prime; _builder_version= »4.16&Prime; _module_preset= »default » global_colors_info= »{} »][et_pb_image src= »https://ffr-sarine.ch/wp-content/uploads/2024/05/ffr-sarine_Janine-Kohler.png » title_text= »ffr-sarine_Janine-Kohler » admin_label= »Photo Janine Kohler » _builder_version= »4.25.2&Prime; _module_preset= »default » border_radii= »on|360px|360px|360px|360px » global_colors_info= »{} »][/et_pb_image][/et_pb_column][et_pb_column type= »2_3&Prime; _builder_version= »4.16&Prime; _module_preset= »default » global_colors_info= »{} »][et_pb_text admin_label= »titre afin de défendre &#8230; » _builder_version= »4.25.2&Prime; _module_preset= »default » text_text_color= »#000000&Prime; text_font_size= »21px » text_line_height= »1.8em » global_colors_info= »{} »]</p>
<p style="text-align: left;">Afin de défendre vos intérêts auprès des instances cantonales, la section Sarine a nommé <strong>Madame Janine Kohler</strong> en qualité de délégué au sein de la <strong>CSS &#8211; Commission Santé Social</strong></p>
<p><strong>Quel est le rôle de cette commission ?</strong></p>
<p>Elle prend position sur des projets de lois, suit les développements et tendances dans le domaine de la santé, que ce soit sur le plan cantonal ou national</p>
<p><strong>Exemples de sujets traités :</strong></p>
<ul>
<li>Prise de position sur le PCAA plan cantonal action alcool de la Direction de la Santé</li>
<li>Suivi du projet Silver home appartement pilote pour les gérontechnologies.</li>
<li>Maintien du financement des médicaments en EMS c&rsquo;est-à-dire l&rsquo;achat et la distribution des médicaments dans les homes. Cette pratique mise sur pied depuis 15 ans permet d&rsquo;économiser 3,5 millions par année. Les caisses-maladies n&rsquo;en veulent pas. Une lettre a été adressée aux faîtières des assurances maladie.</li>
<li>Prise de position sur la révision de la loi pour l&rsquo;aide sociale.</li>
</ul>
<p>Utilisez notre formulaire de <a href="https://ffr-sarine.ch/index.php/contact/">contact</a> pour avoir plus d&rsquo;informations.[/et_pb_text][/et_pb_column][/et_pb_row][/et_pb_section]</p>

<p>Afin de défendre vos intérêts auprès des instances cantonales, la section Sarine a nommé Madame Janine Kohler en qualité de délégué au sein de la CSS &#8211; Commission Santé Social Quel est le rôle de cette commission ? Elle prend position sur des projets de lois, suit les développements et tendances dans le domaine de [&hellip;]</p>

<!-- This site is optimized with the Yoast SEO plugin v28.3 - https://yoast.com/product/yoast-seo-wordpress/ -->
<title>Commission Santé-Social - ffr-sarine</title>
<meta name="robots" content="index, follow, max-snippet:-1, max-image-preview:large, max-video-preview:-1" />
<link rel="canonical" href="https://ffr-sarine.ch/index.php/comm-css/" />
<meta property="og:locale" content="fr_FR" />
<meta property="og:type" content="article" />
<meta property="og:title" content="Commission Santé-Social - ffr-sarine" />
<meta property="og:description" content="Afin de défendre vos intérêts auprès des instances cantonales, la section Sarine a nommé Madame Janine Kohler en qualité de délégué au sein de la CSS - Commission Santé Social Quel est le rôle de cette commission ? Elle prend position sur des projets de lois, suit les développements et tendances dans le domaine de [&hellip;]" />
<meta property="og:url" content="https://ffr-sarine.ch/index.php/comm-css/" />
<meta property="og:site_name" content="ffr-sarine" />
<meta property="article:modified_time" content="2024-10-25T09:44:27+00:00" />
<meta name="twitter:card" content="summary_large_image" />
<meta name="twitter:label1" content="Durée de lecture estimée" />
	<meta name="twitter:data1" content="2 minutes" />
<script type="application/ld+json" class="yoast-schema-graph">{"@context":"https:\/\/schema.org","@graph":[{"@type":"WebPage","@id":"https:\/\/ffr-sarine.ch\/index.php\/comm-css\/","url":"https:\/\/ffr-sarine.ch\/index.php\/comm-css\/","name":"Commission Santé-Social - ffr-sarine","isPartOf":{"@id":"https:\/\/ffr-sarine.ch\/#website"},"datePublished":"2021-07-03T08:21:30+00:00","dateModified":"2024-10-25T09:44:27+00:00","breadcrumb":{"@id":"https:\/\/ffr-sarine.ch\/index.php\/comm-css\/#breadcrumb"},"inLanguage":"fr-FR","potentialAction":[{"@type":"ReadAction","target":["https:\/\/ffr-sarine.ch\/index.php\/comm-css\/"]}]},{"@type":"BreadcrumbList","@id":"https:\/\/ffr-sarine.ch\/index.php\/comm-css\/#breadcrumb","itemListElement":[{"@type":"ListItem","position":1,"name":"Accueil","item":"https:\/\/ffr-sarine.ch\/"},{"@type":"ListItem","position":2,"name":"Commission Santé-Social"}]},{"@type":"WebSite","@id":"https:\/\/ffr-sarine.ch\/#website","url":"https:\/\/ffr-sarine.ch\/","name":"ffr-sarine","description":"Fédération Fribourgeoise des Retraités Section Sarine","potentialAction":[{"@type":"SearchAction","target":{"@type":"EntryPoint","urlTemplate":"https:\/\/ffr-sarine.ch\/?s={search_term_string}"},"query-input":{"@type":"PropertyValueSpecification","valueRequired":true,"valueName":"search_term_string"}}],"inLanguage":"fr-FR"}]}</script>
<!-- / Yoast SEO plugin. -->

Commission Santé-Social - ffr-sarine

Afin de défendre vos intérêts auprès des instances cantonales, la section Sarine a nommé Madame Janine Kohler en qualité de délégué au sein de la CSS - Commission Santé Social Quel est le rôle de cette commission ? Elle prend position sur des projets de lois, suit les développements et tendances dans le domaine de [&hellip;]

Fédération Fribourgeoise des Retraités Section Sarine
