{"id":2802,"date":"2021-07-03T08:03:16","date_gmt":"2021-07-03T08:03:16","guid":{"rendered":"https:\/\/ffr-sarine.ch\/?page_id=2802"},"modified":"2024-10-25T11:45:37","modified_gmt":"2024-10-25T09:45:37","slug":"com-cst","status":"publish","type":"page","link":"https:\/\/ffr-sarine.ch\/index.php\/com-cst\/","title":{"rendered":"Commission S\u00e9curit\u00e9 &#8211; Transport"},"content":{"rendered":"<p>[et_pb_section fb_built=\u00a0\u00bb1&Prime; _builder_version=\u00a0\u00bb4.27.2&Prime; _module_preset=\u00a0\u00bbdefault\u00a0\u00bb custom_padding=\u00a0\u00bb||0px|||\u00a0\u00bb top_divider_color=\u00a0\u00bb#afafaf\u00a0\u00bb hover_enabled=\u00a0\u00bb0&Prime; global_colors_info=\u00a0\u00bb{}\u00a0\u00bb background_color=\u00a0\u00bbRGBA(255,255,255,0)\u00a0\u00bb min_height=\u00a0\u00bb720px\u00a0\u00bb sticky_enabled=\u00a0\u00bb0&Prime;][et_pb_row column_structure=\u00a0\u00bb1_3,2_3&Prime; _builder_version=\u00a0\u00bb4.16&Prime; _module_preset=\u00a0\u00bbdefault\u00a0\u00bb global_colors_info=\u00a0\u00bb{}\u00a0\u00bb][et_pb_column type=\u00a0\u00bb1_3&Prime; _builder_version=\u00a0\u00bb4.16&Prime; _module_preset=\u00a0\u00bbdefault\u00a0\u00bb global_colors_info=\u00a0\u00bb{}\u00a0\u00bb][et_pb_image src=\u00a0\u00bbhttps:\/\/ffr-sarine.ch\/wp-content\/uploads\/2024\/06\/ffr-sarine_Alain-Cornu.jpg\u00a0\u00bb title_text=\u00a0\u00bbffr-sarine_Alain-Cornu\u00a0\u00bb admin_label=\u00a0\u00bbAlain Cornu\u00a0\u00bb _builder_version=\u00a0\u00bb4.25.2&Prime; _module_preset=\u00a0\u00bbdefault\u00a0\u00bb border_radii=\u00a0\u00bbon|360px|360px|360px|360px\u00a0\u00bb global_colors_info=\u00a0\u00bb{}\u00a0\u00bb][\/et_pb_image][\/et_pb_column][et_pb_column type=\u00a0\u00bb2_3&Prime; _builder_version=\u00a0\u00bb4.16&Prime; _module_preset=\u00a0\u00bbdefault\u00a0\u00bb global_colors_info=\u00a0\u00bb{}\u00a0\u00bb][et_pb_text admin_label=\u00a0\u00bbtitre afin de d\u00e9fendre &#8230;\u00a0\u00bb _builder_version=\u00a0\u00bb4.25.2&Prime; _module_preset=\u00a0\u00bbdefault\u00a0\u00bb text_text_color=\u00a0\u00bb#000000&Prime; text_font_size=\u00a0\u00bb21px\u00a0\u00bb text_line_height=\u00a0\u00bb1.8em\u00a0\u00bb global_colors_info=\u00a0\u00bb{}\u00a0\u00bb]<\/p>\n<p style=\"text-align: left;\">Afin de d\u00e9fendre vos int\u00e9r\u00eats aupr\u00e8s des instances cantonales, la section Sarine a nomm\u00e9 <strong>Monsieur Alain Cornu<\/strong> en qualit\u00e9 de d\u00e9l\u00e9gu\u00e9 au sein de la <strong>CST &#8211; Commission S\u00e9curit\u00e9 &#8211; Transport.<\/strong><\/p>\n<p><strong>Quel est le r\u00f4le de cette commission ?<\/strong><\/p>\n<p>Suivre les effets et cons\u00e9quences des modifications entreprises par les transports en commun, les modifications des r\u00e8gles de circulation.<\/p>\n<p><strong>Exemples de sujets trait\u00e9s :<\/strong><\/p>\n<ul>\n<li>Am\u00e9liorer les transports en commun. Investir pour les P+R.<\/li>\n<li>Mobilit\u00e9 pour les pi\u00e9tons et \u00ab\u00a0P\u00e9dibus\u00a0\u00bb.<\/li>\n<li>L&rsquo;arr\u00eat du bus TPF cimeti\u00e8re de St-L\u00e9onard a \u00e9t\u00e9 remis en service au d\u00e9but d\u00e9cembre 2022, apr\u00e8s 3 ans d&rsquo;attente.<\/li>\n<li>Bd de P\u00e9rolles, les PP sur le c\u00f4t\u00e9 droit du bd ont \u00e9t\u00e9 supprim\u00e9es,1 ligne continue a \u00e9t\u00e9 trac\u00e9e pour les cyclistes. Nous avons obtenu des d\u00e9poses-minute pour les v\u00e9hicules transportant des personnes handicap\u00e9es<\/li>\n<li>Suppression de l\u2019arr\u00eat de bus Villa Beausite, des tractations sont en cours pour r\u00e9introduire un service de bus dans ce quartier<\/li>\n<li>Les cours d\u2019utilisation des automates \u00e0 billets TPF sont donn\u00e9s gratuitement chaque ann\u00e9e dans divers lieux du canton<\/li>\n<\/ul>\n<p>Utilisez notre formulaire de <a href=\"https:\/\/ffr-sarine.ch\/index.php\/contact\/\">contact<\/a> pour avoir plus d&rsquo;informations.[\/et_pb_text][\/et_pb_column][\/et_pb_row][\/et_pb_section]<\/p>\n","protected":false},"excerpt":{"rendered":"<p>Afin de d\u00e9fendre vos int\u00e9r\u00eats aupr\u00e8s des instances cantonales, la section Sarine a nomm\u00e9 Monsieur Alain Cornu en qualit\u00e9 de d\u00e9l\u00e9gu\u00e9 au sein de la CST &#8211; Commission S\u00e9curit\u00e9 &#8211; Transport. Quel est le r\u00f4le de cette commission ? Suivre les effets et cons\u00e9quences des modifications entreprises par les transports en commun, les modifications des [&hellip;]<\/p>\n","protected":false},"author":1,"featured_media":0,"parent":0,"menu_order":0,"comment_status":"closed","ping_status":"closed","template":"","meta":{"_et_pb_use_builder":"on","_et_pb_old_content":"","_et_gb_content_width":"","footnotes":""},"class_list":["post-2802","page","type-page","status-publish","hentry"],"yoast_head":"<!-- This site is optimized with the Yoast SEO plugin v28.3 - https:\/\/yoast.com\/product\/yoast-seo-wordpress\/ -->\n<title>Commission S\u00e9curit\u00e9 - Transport - ffr-sarine<\/title>\n<meta name=\"robots\" content=\"index, follow, max-snippet:-1, max-image-preview:large, max-video-preview:-1\" \/>\n<link rel=\"canonical\" href=\"https:\/\/ffr-sarine.ch\/index.php\/com-cst\/\" \/>\n<meta property=\"og:locale\" content=\"fr_FR\" \/>\n<meta property=\"og:type\" content=\"article\" \/>\n<meta property=\"og:title\" content=\"Commission S\u00e9curit\u00e9 - Transport - ffr-sarine\" \/>\n<meta property=\"og:description\" content=\"Afin de d\u00e9fendre vos int\u00e9r\u00eats aupr\u00e8s des instances cantonales, la section Sarine a nomm\u00e9 Monsieur Alain Cornu en qualit\u00e9 de d\u00e9l\u00e9gu\u00e9 au sein de la CST - Commission S\u00e9curit\u00e9 - Transport. Quel est le r\u00f4le de cette commission ? Suivre les effets et cons\u00e9quences des modifications entreprises par les transports en commun, les modifications des [&hellip;]\" \/>\n<meta property=\"og:url\" content=\"https:\/\/ffr-sarine.ch\/index.php\/com-cst\/\" \/>\n<meta property=\"og:site_name\" content=\"ffr-sarine\" \/>\n<meta property=\"article:modified_time\" content=\"2024-10-25T09:45:37+00:00\" \/>\n<meta name=\"twitter:card\" content=\"summary_large_image\" \/>\n<meta name=\"twitter:label1\" content=\"Dur\u00e9e de lecture estim\u00e9e\" \/>\n\t<meta name=\"twitter:data1\" content=\"2 minutes\" \/>\n<script type=\"application\/ld+json\" class=\"yoast-schema-graph\">{\"@context\":\"https:\\\/\\\/schema.org\",\"@graph\":[{\"@type\":\"WebPage\",\"@id\":\"https:\\\/\\\/ffr-sarine.ch\\\/index.php\\\/com-cst\\\/\",\"url\":\"https:\\\/\\\/ffr-sarine.ch\\\/index.php\\\/com-cst\\\/\",\"name\":\"Commission S\u00e9curit\u00e9 - Transport - ffr-sarine\",\"isPartOf\":{\"@id\":\"https:\\\/\\\/ffr-sarine.ch\\\/#website\"},\"datePublished\":\"2021-07-03T08:03:16+00:00\",\"dateModified\":\"2024-10-25T09:45:37+00:00\",\"breadcrumb\":{\"@id\":\"https:\\\/\\\/ffr-sarine.ch\\\/index.php\\\/com-cst\\\/#breadcrumb\"},\"inLanguage\":\"fr-FR\",\"potentialAction\":[{\"@type\":\"ReadAction\",\"target\":[\"https:\\\/\\\/ffr-sarine.ch\\\/index.php\\\/com-cst\\\/\"]}]},{\"@type\":\"BreadcrumbList\",\"@id\":\"https:\\\/\\\/ffr-sarine.ch\\\/index.php\\\/com-cst\\\/#breadcrumb\",\"itemListElement\":[{\"@type\":\"ListItem\",\"position\":1,\"name\":\"Accueil\",\"item\":\"https:\\\/\\\/ffr-sarine.ch\\\/\"},{\"@type\":\"ListItem\",\"position\":2,\"name\":\"Commission S\u00e9curit\u00e9 &#8211; Transport\"}]},{\"@type\":\"WebSite\",\"@id\":\"https:\\\/\\\/ffr-sarine.ch\\\/#website\",\"url\":\"https:\\\/\\\/ffr-sarine.ch\\\/\",\"name\":\"ffr-sarine\",\"description\":\"F\u00e9d\u00e9ration Fribourgeoise des Retrait\u00e9s Section Sarine\",\"potentialAction\":[{\"@type\":\"SearchAction\",\"target\":{\"@type\":\"EntryPoint\",\"urlTemplate\":\"https:\\\/\\\/ffr-sarine.ch\\\/?s={search_term_string}\"},\"query-input\":{\"@type\":\"PropertyValueSpecification\",\"valueRequired\":true,\"valueName\":\"search_term_string\"}}],\"inLanguage\":\"fr-FR\"}]}<\/script>\n<!-- \/ Yoast SEO plugin. -->","yoast_head_json":{"title":"Commission S\u00e9curit\u00e9 - Transport - ffr-sarine","robots":{"index":"index","follow":"follow","max-snippet":"max-snippet:-1","max-image-preview":"max-image-preview:large","max-video-preview":"max-video-preview:-1"},"canonical":"https:\/\/ffr-sarine.ch\/index.php\/com-cst\/","og_locale":"fr_FR","og_type":"article","og_title":"Commission S\u00e9curit\u00e9 - Transport - ffr-sarine","og_description":"Afin de d\u00e9fendre vos int\u00e9r\u00eats aupr\u00e8s des instances cantonales, la section Sarine a nomm\u00e9 Monsieur Alain Cornu en qualit\u00e9 de d\u00e9l\u00e9gu\u00e9 au sein de la CST - Commission S\u00e9curit\u00e9 - Transport. Quel est le r\u00f4le de cette commission ? Suivre les effets et cons\u00e9quences des modifications entreprises par les transports en commun, les modifications des [&hellip;]","og_url":"https:\/\/ffr-sarine.ch\/index.php\/com-cst\/","og_site_name":"ffr-sarine","article_modified_time":"2024-10-25T09:45:37+00:00","twitter_card":"summary_large_image","twitter_misc":{"Dur\u00e9e de lecture estim\u00e9e":"2 minutes"},"schema":{"@context":"https:\/\/schema.org","@graph":[{"@type":"WebPage","@id":"https:\/\/ffr-sarine.ch\/index.php\/com-cst\/","url":"https:\/\/ffr-sarine.ch\/index.php\/com-cst\/","name":"Commission S\u00e9curit\u00e9 - Transport - ffr-sarine","isPartOf":{"@id":"https:\/\/ffr-sarine.ch\/#website"},"datePublished":"2021-07-03T08:03:16+00:00","dateModified":"2024-10-25T09:45:37+00:00","breadcrumb":{"@id":"https:\/\/ffr-sarine.ch\/index.php\/com-cst\/#breadcrumb"},"inLanguage":"fr-FR","potentialAction":[{"@type":"ReadAction","target":["https:\/\/ffr-sarine.ch\/index.php\/com-cst\/"]}]},{"@type":"BreadcrumbList","@id":"https:\/\/ffr-sarine.ch\/index.php\/com-cst\/#breadcrumb","itemListElement":[{"@type":"ListItem","position":1,"name":"Accueil","item":"https:\/\/ffr-sarine.ch\/"},{"@type":"ListItem","position":2,"name":"Commission S\u00e9curit\u00e9 &#8211; Transport"}]},{"@type":"WebSite","@id":"https:\/\/ffr-sarine.ch\/#website","url":"https:\/\/ffr-sarine.ch\/","name":"ffr-sarine","description":"F\u00e9d\u00e9ration Fribourgeoise des Retrait\u00e9s Section Sarine","potentialAction":[{"@type":"SearchAction","target":{"@type":"EntryPoint","urlTemplate":"https:\/\/ffr-sarine.ch\/?s={search_term_string}"},"query-input":{"@type":"PropertyValueSpecification","valueRequired":true,"valueName":"search_term_string"}}],"inLanguage":"fr-FR"}]}},"_links":{"self":[{"href":"https:\/\/ffr-sarine.ch\/index.php\/wp-json\/wp\/v2\/pages\/2802","targetHints":{"allow":["GET"]}}],"collection":[{"href":"https:\/\/ffr-sarine.ch\/index.php\/wp-json\/wp\/v2\/pages"}],"about":[{"href":"https:\/\/ffr-sarine.ch\/index.php\/wp-json\/wp\/v2\/types\/page"}],"author":[{"embeddable":true,"href":"https:\/\/ffr-sarine.ch\/index.php\/wp-json\/wp\/v2\/users\/1"}],"replies":[{"embeddable":true,"href":"https:\/\/ffr-sarine.ch\/index.php\/wp-json\/wp\/v2\/comments?post=2802"}],"version-history":[{"count":12,"href":"https:\/\/ffr-sarine.ch\/index.php\/wp-json\/wp\/v2\/pages\/2802\/revisions"}],"predecessor-version":[{"id":5336,"href":"https:\/\/ffr-sarine.ch\/index.php\/wp-json\/wp\/v2\/pages\/2802\/revisions\/5336"}],"wp:attachment":[{"href":"https:\/\/ffr-sarine.ch\/index.php\/wp-json\/wp\/v2\/media?parent=2802"}],"curies":[{"name":"wp","href":"https:\/\/api.w.org\/{rel}","templated":true}]}}

Commission Sécurité &#8211; Transport

<p>[et_pb_section fb_built= »1&Prime; _builder_version= »4.27.2&Prime; _module_preset= »default » custom_padding= »||0px||| » top_divider_color= »#afafaf » hover_enabled= »0&Prime; global_colors_info= »{} » background_color= »RGBA(255,255,255,0) » min_height= »720px » sticky_enabled= »0&Prime;][et_pb_row column_structure= »1_3,2_3&Prime; _builder_version= »4.16&Prime; _module_preset= »default » global_colors_info= »{} »][et_pb_column type= »1_3&Prime; _builder_version= »4.16&Prime; _module_preset= »default » global_colors_info= »{} »][et_pb_image src= »https://ffr-sarine.ch/wp-content/uploads/2024/06/ffr-sarine_Alain-Cornu.jpg » title_text= »ffr-sarine_Alain-Cornu » admin_label= »Alain Cornu » _builder_version= »4.25.2&Prime; _module_preset= »default » border_radii= »on|360px|360px|360px|360px » global_colors_info= »{} »][/et_pb_image][/et_pb_column][et_pb_column type= »2_3&Prime; _builder_version= »4.16&Prime; _module_preset= »default » global_colors_info= »{} »][et_pb_text admin_label= »titre afin de défendre &#8230; » _builder_version= »4.25.2&Prime; _module_preset= »default » text_text_color= »#000000&Prime; text_font_size= »21px » text_line_height= »1.8em » global_colors_info= »{} »]</p>
<p style="text-align: left;">Afin de défendre vos intérêts auprès des instances cantonales, la section Sarine a nommé <strong>Monsieur Alain Cornu</strong> en qualité de délégué au sein de la <strong>CST &#8211; Commission Sécurité &#8211; Transport.</strong></p>
<p><strong>Quel est le rôle de cette commission ?</strong></p>
<p>Suivre les effets et conséquences des modifications entreprises par les transports en commun, les modifications des règles de circulation.</p>
<p><strong>Exemples de sujets traités :</strong></p>
<ul>
<li>Améliorer les transports en commun. Investir pour les P+R.</li>
<li>Mobilité pour les piétons et « Pédibus ».</li>
<li>L&rsquo;arrêt du bus TPF cimetière de St-Léonard a été remis en service au début décembre 2022, après 3 ans d&rsquo;attente.</li>
<li>Bd de Pérolles, les PP sur le côté droit du bd ont été supprimées,1 ligne continue a été tracée pour les cyclistes. Nous avons obtenu des déposes-minute pour les véhicules transportant des personnes handicapées</li>
<li>Suppression de l’arrêt de bus Villa Beausite, des tractations sont en cours pour réintroduire un service de bus dans ce quartier</li>
<li>Les cours d’utilisation des automates à billets TPF sont donnés gratuitement chaque année dans divers lieux du canton</li>
</ul>
<p>Utilisez notre formulaire de <a href="https://ffr-sarine.ch/index.php/contact/">contact</a> pour avoir plus d&rsquo;informations.[/et_pb_text][/et_pb_column][/et_pb_row][/et_pb_section]</p>

<p>Afin de défendre vos intérêts auprès des instances cantonales, la section Sarine a nommé Monsieur Alain Cornu en qualité de délégué au sein de la CST &#8211; Commission Sécurité &#8211; Transport. Quel est le rôle de cette commission ? Suivre les effets et conséquences des modifications entreprises par les transports en commun, les modifications des [&hellip;]</p>

<!-- This site is optimized with the Yoast SEO plugin v28.3 - https://yoast.com/product/yoast-seo-wordpress/ -->
<title>Commission Sécurité - Transport - ffr-sarine</title>
<meta name="robots" content="index, follow, max-snippet:-1, max-image-preview:large, max-video-preview:-1" />
<link rel="canonical" href="https://ffr-sarine.ch/index.php/com-cst/" />
<meta property="og:locale" content="fr_FR" />
<meta property="og:type" content="article" />
<meta property="og:title" content="Commission Sécurité - Transport - ffr-sarine" />
<meta property="og:description" content="Afin de défendre vos intérêts auprès des instances cantonales, la section Sarine a nommé Monsieur Alain Cornu en qualité de délégué au sein de la CST - Commission Sécurité - Transport. Quel est le rôle de cette commission ? Suivre les effets et conséquences des modifications entreprises par les transports en commun, les modifications des [&hellip;]" />
<meta property="og:url" content="https://ffr-sarine.ch/index.php/com-cst/" />
<meta property="og:site_name" content="ffr-sarine" />
<meta property="article:modified_time" content="2024-10-25T09:45:37+00:00" />
<meta name="twitter:card" content="summary_large_image" />
<meta name="twitter:label1" content="Durée de lecture estimée" />
	<meta name="twitter:data1" content="2 minutes" />
<script type="application/ld+json" class="yoast-schema-graph">{"@context":"https:\/\/schema.org","@graph":[{"@type":"WebPage","@id":"https:\/\/ffr-sarine.ch\/index.php\/com-cst\/","url":"https:\/\/ffr-sarine.ch\/index.php\/com-cst\/","name":"Commission Sécurité - Transport - ffr-sarine","isPartOf":{"@id":"https:\/\/ffr-sarine.ch\/#website"},"datePublished":"2021-07-03T08:03:16+00:00","dateModified":"2024-10-25T09:45:37+00:00","breadcrumb":{"@id":"https:\/\/ffr-sarine.ch\/index.php\/com-cst\/#breadcrumb"},"inLanguage":"fr-FR","potentialAction":[{"@type":"ReadAction","target":["https:\/\/ffr-sarine.ch\/index.php\/com-cst\/"]}]},{"@type":"BreadcrumbList","@id":"https:\/\/ffr-sarine.ch\/index.php\/com-cst\/#breadcrumb","itemListElement":[{"@type":"ListItem","position":1,"name":"Accueil","item":"https:\/\/ffr-sarine.ch\/"},{"@type":"ListItem","position":2,"name":"Commission Sécurité &#8211; Transport"}]},{"@type":"WebSite","@id":"https:\/\/ffr-sarine.ch\/#website","url":"https:\/\/ffr-sarine.ch\/","name":"ffr-sarine","description":"Fédération Fribourgeoise des Retraités Section Sarine","potentialAction":[{"@type":"SearchAction","target":{"@type":"EntryPoint","urlTemplate":"https:\/\/ffr-sarine.ch\/?s={search_term_string}"},"query-input":{"@type":"PropertyValueSpecification","valueRequired":true,"valueName":"search_term_string"}}],"inLanguage":"fr-FR"}]}</script>
<!-- / Yoast SEO plugin. -->

Commission Sécurité - Transport - ffr-sarine

Afin de défendre vos intérêts auprès des instances cantonales, la section Sarine a nommé Monsieur Alain Cornu en qualité de délégué au sein de la CST - Commission Sécurité - Transport. Quel est le rôle de cette commission ? Suivre les effets et conséquences des modifications entreprises par les transports en commun, les modifications des [&hellip;]

Fédération Fribourgeoise des Retraités Section Sarine
