{"id":280,"date":"2021-05-29T08:57:49","date_gmt":"2021-05-29T08:57:49","guid":{"rendered":"https:\/\/ffr-sarine.ch\/?page_id=280"},"modified":"2026-04-30T12:16:43","modified_gmt":"2026-04-30T10:16:43","slug":"pv-ag","status":"publish","type":"page","link":"https:\/\/ffr-sarine.ch\/index.php\/pv-ag\/","title":{"rendered":"PV des assembl\u00e9es"},"content":{"rendered":"<p>[et_pb_section fb_built=\u00a0\u00bb1&Prime; _builder_version=\u00a0\u00bb4.27.2&Prime; _module_preset=\u00a0\u00bbdefault\u00a0\u00bb background_color=\u00a0\u00bbRGBA(255,255,255,0)\u00a0\u00bb min_height=\u00a0\u00bb720px\u00a0\u00bb custom_padding=\u00a0\u00bb6px||13px|||\u00a0\u00bb top_divider_color=\u00a0\u00bb#afafaf\u00a0\u00bb global_colors_info=\u00a0\u00bb{}\u00a0\u00bb][et_pb_row column_structure=\u00a0\u00bb1_4,3_4&Prime; _builder_version=\u00a0\u00bb4.16&Prime; _module_preset=\u00a0\u00bbdefault\u00a0\u00bb custom_padding=\u00a0\u00bb50px|||||\u00a0\u00bb global_colors_info=\u00a0\u00bb{}\u00a0\u00bb][et_pb_column type=\u00a0\u00bb1_4&Prime; _builder_version=\u00a0\u00bb4.16&Prime; _module_preset=\u00a0\u00bbdefault\u00a0\u00bb global_colors_info=\u00a0\u00bb{}\u00a0\u00bb][et_pb_image src=\u00a0\u00bbhttps:\/\/ffr-sarine.ch\/wp-content\/uploads\/2024\/11\/logo_ffrss_cb_text_274x120t.png\u00a0\u00bb title_text=\u00a0\u00bbLogo FFR Section Sarine\u00a0\u00bb url=\u00a0\u00bbhttps:\/\/ffr-sarine.ch\/\u00a0\u00bb align=\u00a0\u00bbcenter\u00a0\u00bb _builder_version=\u00a0\u00bb4.27.2&Prime; _module_preset=\u00a0\u00bbdefault\u00a0\u00bb global_colors_info=\u00a0\u00bb{}\u00a0\u00bb][\/et_pb_image][\/et_pb_column][et_pb_column type=\u00a0\u00bb3_4&Prime; _builder_version=\u00a0\u00bb4.16&Prime; _module_preset=\u00a0\u00bbdefault\u00a0\u00bb global_colors_info=\u00a0\u00bb{}\u00a0\u00bb][et_pb_text _builder_version=\u00a0\u00bb4.27.0&Prime; _module_preset=\u00a0\u00bbdefault\u00a0\u00bb text_text_color=\u00a0\u00bb#000000&Prime; text_font_size=\u00a0\u00bb20px\u00a0\u00bb global_colors_info=\u00a0\u00bb{}\u00a0\u00bb]<\/p>\n<p style=\"text-align: center;\"><strong>Proc\u00e8s-verbaux des assembl\u00e9es g\u00e9n\u00e9rales<br \/>&#8211; <em>cliquez sur l&rsquo;ann\u00e9e d\u00e9sir\u00e9e<\/em><\/strong><\/p>\n<p>[\/et_pb_text][et_pb_text admin_label=\u00a0\u00bb2026&Prime; _builder_version=\u00a0\u00bb4.27.6&Prime; _module_preset=\u00a0\u00bbdefault\u00a0\u00bb text_text_color=\u00a0\u00bb#000000&Prime; text_font_size=\u00a0\u00bb18px\u00a0\u00bb hover_enabled=\u00a0\u00bb0&Prime; global_colors_info=\u00a0\u00bb{}\u00a0\u00bb sticky_enabled=\u00a0\u00bb0&Prime;]<\/p>\n<p style=\"text-align: center;\"><a href=\"https:\/\/ffr-sarine.ch\/wp-content\/uploads\/2026\/04\/260408_PV_AG_FFR-Sarine.pdf\" rel=\"attachment wp-att-4678 noopener\" target=\"_blank\"><strong><span style=\"color: #000000;\">2026<\/span><\/strong><\/a><\/p>\n<p>[\/et_pb_text][et_pb_text admin_label=\u00a0\u00bb2025&Prime; _builder_version=\u00a0\u00bb4.27.4&Prime; _module_preset=\u00a0\u00bbdefault\u00a0\u00bb text_text_color=\u00a0\u00bb#000000&Prime; text_font_size=\u00a0\u00bb18px\u00a0\u00bb global_colors_info=\u00a0\u00bb{}\u00a0\u00bb]<\/p>\n<p style=\"text-align: center;\"><a href=\"https:\/\/ffr-sarine.ch\/wp-content\/uploads\/2025\/04\/250409_PV_AG.pdf\" rel=\"attachment wp-att-4678 noopener\" target=\"_blank\"><strong><span style=\"color: #000000;\">2025<\/span><\/strong><\/a><\/p>\n<p>[\/et_pb_text][et_pb_text admin_label=\u00a0\u00bb2024&Prime; _builder_version=\u00a0\u00bb4.27.0&Prime; _module_preset=\u00a0\u00bbdefault\u00a0\u00bb text_text_color=\u00a0\u00bb#000000&Prime; text_font_size=\u00a0\u00bb18px\u00a0\u00bb global_colors_info=\u00a0\u00bb{}\u00a0\u00bb]<\/p>\n<p style=\"text-align: center;\"><a href=\"https:\/\/ffr-sarine.ch\/wp-content\/uploads\/2024\/09\/240417_PV_AG.pdf\" rel=\"attachment wp-att-4678 noopener\" target=\"_blank\"><strong><span style=\"color: #000000;\">2024<\/span><\/strong><\/a><\/p>\n<p>[\/et_pb_text][et_pb_text admin_label=\u00a0\u00bb2023&Prime; _builder_version=\u00a0\u00bb4.27.0&Prime; _module_preset=\u00a0\u00bbdefault\u00a0\u00bb text_text_color=\u00a0\u00bb#000000&Prime; text_font_size=\u00a0\u00bb18px\u00a0\u00bb global_colors_info=\u00a0\u00bb{}\u00a0\u00bb]<\/p>\n<p style=\"text-align: center;\"><a href=\"https:\/\/ffr-sarine.ch\/wp-content\/uploads\/2024\/09\/230419_PV_AG.pdf\" rel=\"attachment wp-att-4677 noopener\" target=\"_blank\"><strong><span style=\"color: #000000;\">2023<\/span><\/strong><\/a><\/p>\n<p>[\/et_pb_text][et_pb_text admin_label=\u00a0\u00bb2022&Prime; _builder_version=\u00a0\u00bb4.27.0&Prime; _module_preset=\u00a0\u00bbdefault\u00a0\u00bb text_text_color=\u00a0\u00bb#000000&Prime; text_font_size=\u00a0\u00bb18px\u00a0\u00bb link_option_url_new_window=\u00a0\u00bbon\u00a0\u00bb global_colors_info=\u00a0\u00bb{}\u00a0\u00bb]<\/p>\n<p style=\"text-align: center;\"><a href=\"https:\/\/ffr-sarine.ch\/wp-content\/uploads\/2024\/09\/220406_PV_AG.pdf\" target=\"_blank\" rel=\"noopener\"><strong><span style=\"color: #000000;\">2022<\/span><\/strong><\/a><\/p>\n<p>[\/et_pb_text][et_pb_text admin_label=\u00a0\u00bb2021&Prime; _builder_version=\u00a0\u00bb4.21.0&Prime; _module_preset=\u00a0\u00bbdefault\u00a0\u00bb text_text_color=\u00a0\u00bb#000000&Prime; text_font_size=\u00a0\u00bb18px\u00a0\u00bb link_option_url_new_window=\u00a0\u00bbon\u00a0\u00bb global_colors_info=\u00a0\u00bb{}\u00a0\u00bb]<\/p>\n<p style=\"text-align: center;\"><strong>2021 &#8211; Vote par correspondance<\/strong><\/p>\n<p>[\/et_pb_text][et_pb_text admin_label=\u00a0\u00bb2020&Prime; _builder_version=\u00a0\u00bb4.16&Prime; _module_preset=\u00a0\u00bbdefault\u00a0\u00bb text_text_color=\u00a0\u00bb#000000&Prime; text_font_size=\u00a0\u00bb18px\u00a0\u00bb link_option_url_new_window=\u00a0\u00bbon\u00a0\u00bb global_colors_info=\u00a0\u00bb{}\u00a0\u00bb]<\/p>\n<p style=\"text-align: center;\"><strong>2020 &#8211; pas d&rsquo;assembl\u00e9e \u00e0 cause de la pand\u00e9mie<\/strong><\/p>\n<p>[\/et_pb_text][\/et_pb_column][\/et_pb_row][\/et_pb_section]<\/p>\n","protected":false},"excerpt":{"rendered":"<p>Proc\u00e8s-verbaux des assembl\u00e9es g\u00e9n\u00e9rales- cliquez sur l&rsquo;ann\u00e9e d\u00e9sir\u00e9e202620252024202320222021 &#8211; Vote par correspondance2020 &#8211; pas d&rsquo;assembl\u00e9e \u00e0 cause de la pand\u00e9mie<\/p>\n","protected":false},"author":1,"featured_media":0,"parent":0,"menu_order":0,"comment_status":"closed","ping_status":"closed","template":"","meta":{"_et_pb_use_builder":"on","_et_pb_old_content":"","_et_gb_content_width":"","footnotes":""},"class_list":["post-280","page","type-page","status-publish","hentry"],"yoast_head":"<!-- This site is optimized with the Yoast SEO plugin v28.3 - https:\/\/yoast.com\/product\/yoast-seo-wordpress\/ -->\n<title>PV des assembl\u00e9es - ffr-sarine<\/title>\n<meta name=\"robots\" content=\"index, follow, max-snippet:-1, max-image-preview:large, max-video-preview:-1\" \/>\n<link rel=\"canonical\" href=\"https:\/\/ffr-sarine.ch\/index.php\/pv-ag\/\" \/>\n<meta property=\"og:locale\" content=\"fr_FR\" \/>\n<meta property=\"og:type\" content=\"article\" \/>\n<meta property=\"og:title\" content=\"PV des assembl\u00e9es - ffr-sarine\" \/>\n<meta property=\"og:description\" content=\"Proc\u00e8s-verbaux des assembl\u00e9es g\u00e9n\u00e9rales- cliquez sur l&#039;ann\u00e9e d\u00e9sir\u00e9e202620252024202320222021 - Vote par correspondance2020 - pas d&#039;assembl\u00e9e \u00e0 cause de la pand\u00e9mie\" \/>\n<meta property=\"og:url\" content=\"https:\/\/ffr-sarine.ch\/index.php\/pv-ag\/\" \/>\n<meta property=\"og:site_name\" content=\"ffr-sarine\" \/>\n<meta property=\"article:modified_time\" content=\"2026-04-30T10:16:43+00:00\" \/>\n<meta name=\"twitter:card\" content=\"summary_large_image\" \/>\n<meta name=\"twitter:label1\" content=\"Dur\u00e9e de lecture estim\u00e9e\" \/>\n\t<meta name=\"twitter:data1\" content=\"1 minute\" \/>\n<script type=\"application\/ld+json\" class=\"yoast-schema-graph\">{\"@context\":\"https:\\\/\\\/schema.org\",\"@graph\":[{\"@type\":\"WebPage\",\"@id\":\"https:\\\/\\\/ffr-sarine.ch\\\/index.php\\\/pv-ag\\\/\",\"url\":\"https:\\\/\\\/ffr-sarine.ch\\\/index.php\\\/pv-ag\\\/\",\"name\":\"PV des assembl\u00e9es - ffr-sarine\",\"isPartOf\":{\"@id\":\"https:\\\/\\\/ffr-sarine.ch\\\/#website\"},\"datePublished\":\"2021-05-29T08:57:49+00:00\",\"dateModified\":\"2026-04-30T10:16:43+00:00\",\"breadcrumb\":{\"@id\":\"https:\\\/\\\/ffr-sarine.ch\\\/index.php\\\/pv-ag\\\/#breadcrumb\"},\"inLanguage\":\"fr-FR\",\"potentialAction\":[{\"@type\":\"ReadAction\",\"target\":[\"https:\\\/\\\/ffr-sarine.ch\\\/index.php\\\/pv-ag\\\/\"]}]},{\"@type\":\"BreadcrumbList\",\"@id\":\"https:\\\/\\\/ffr-sarine.ch\\\/index.php\\\/pv-ag\\\/#breadcrumb\",\"itemListElement\":[{\"@type\":\"ListItem\",\"position\":1,\"name\":\"Accueil\",\"item\":\"https:\\\/\\\/ffr-sarine.ch\\\/\"},{\"@type\":\"ListItem\",\"position\":2,\"name\":\"PV des assembl\u00e9es\"}]},{\"@type\":\"WebSite\",\"@id\":\"https:\\\/\\\/ffr-sarine.ch\\\/#website\",\"url\":\"https:\\\/\\\/ffr-sarine.ch\\\/\",\"name\":\"ffr-sarine\",\"description\":\"F\u00e9d\u00e9ration Fribourgeoise des Retrait\u00e9s Section Sarine\",\"potentialAction\":[{\"@type\":\"SearchAction\",\"target\":{\"@type\":\"EntryPoint\",\"urlTemplate\":\"https:\\\/\\\/ffr-sarine.ch\\\/?s={search_term_string}\"},\"query-input\":{\"@type\":\"PropertyValueSpecification\",\"valueRequired\":true,\"valueName\":\"search_term_string\"}}],\"inLanguage\":\"fr-FR\"}]}<\/script>\n<!-- \/ Yoast SEO plugin. -->","yoast_head_json":{"title":"PV des assembl\u00e9es - ffr-sarine","robots":{"index":"index","follow":"follow","max-snippet":"max-snippet:-1","max-image-preview":"max-image-preview:large","max-video-preview":"max-video-preview:-1"},"canonical":"https:\/\/ffr-sarine.ch\/index.php\/pv-ag\/","og_locale":"fr_FR","og_type":"article","og_title":"PV des assembl\u00e9es - ffr-sarine","og_description":"Proc\u00e8s-verbaux des assembl\u00e9es g\u00e9n\u00e9rales- cliquez sur l'ann\u00e9e d\u00e9sir\u00e9e202620252024202320222021 - Vote par correspondance2020 - pas d'assembl\u00e9e \u00e0 cause de la pand\u00e9mie","og_url":"https:\/\/ffr-sarine.ch\/index.php\/pv-ag\/","og_site_name":"ffr-sarine","article_modified_time":"2026-04-30T10:16:43+00:00","twitter_card":"summary_large_image","twitter_misc":{"Dur\u00e9e de lecture estim\u00e9e":"1 minute"},"schema":{"@context":"https:\/\/schema.org","@graph":[{"@type":"WebPage","@id":"https:\/\/ffr-sarine.ch\/index.php\/pv-ag\/","url":"https:\/\/ffr-sarine.ch\/index.php\/pv-ag\/","name":"PV des assembl\u00e9es - ffr-sarine","isPartOf":{"@id":"https:\/\/ffr-sarine.ch\/#website"},"datePublished":"2021-05-29T08:57:49+00:00","dateModified":"2026-04-30T10:16:43+00:00","breadcrumb":{"@id":"https:\/\/ffr-sarine.ch\/index.php\/pv-ag\/#breadcrumb"},"inLanguage":"fr-FR","potentialAction":[{"@type":"ReadAction","target":["https:\/\/ffr-sarine.ch\/index.php\/pv-ag\/"]}]},{"@type":"BreadcrumbList","@id":"https:\/\/ffr-sarine.ch\/index.php\/pv-ag\/#breadcrumb","itemListElement":[{"@type":"ListItem","position":1,"name":"Accueil","item":"https:\/\/ffr-sarine.ch\/"},{"@type":"ListItem","position":2,"name":"PV des assembl\u00e9es"}]},{"@type":"WebSite","@id":"https:\/\/ffr-sarine.ch\/#website","url":"https:\/\/ffr-sarine.ch\/","name":"ffr-sarine","description":"F\u00e9d\u00e9ration Fribourgeoise des Retrait\u00e9s Section Sarine","potentialAction":[{"@type":"SearchAction","target":{"@type":"EntryPoint","urlTemplate":"https:\/\/ffr-sarine.ch\/?s={search_term_string}"},"query-input":{"@type":"PropertyValueSpecification","valueRequired":true,"valueName":"search_term_string"}}],"inLanguage":"fr-FR"}]}},"_links":{"self":[{"href":"https:\/\/ffr-sarine.ch\/index.php\/wp-json\/wp\/v2\/pages\/280","targetHints":{"allow":["GET"]}}],"collection":[{"href":"https:\/\/ffr-sarine.ch\/index.php\/wp-json\/wp\/v2\/pages"}],"about":[{"href":"https:\/\/ffr-sarine.ch\/index.php\/wp-json\/wp\/v2\/types\/page"}],"author":[{"embeddable":true,"href":"https:\/\/ffr-sarine.ch\/index.php\/wp-json\/wp\/v2\/users\/1"}],"replies":[{"embeddable":true,"href":"https:\/\/ffr-sarine.ch\/index.php\/wp-json\/wp\/v2\/comments?post=280"}],"version-history":[{"count":41,"href":"https:\/\/ffr-sarine.ch\/index.php\/wp-json\/wp\/v2\/pages\/280\/revisions"}],"predecessor-version":[{"id":6567,"href":"https:\/\/ffr-sarine.ch\/index.php\/wp-json\/wp\/v2\/pages\/280\/revisions\/6567"}],"wp:attachment":[{"href":"https:\/\/ffr-sarine.ch\/index.php\/wp-json\/wp\/v2\/media?parent=280"}],"curies":[{"name":"wp","href":"https:\/\/api.w.org\/{rel}","templated":true}]}}

PV des assemblées

<p>[et_pb_section fb_built= »1&Prime; _builder_version= »4.27.2&Prime; _module_preset= »default » background_color= »RGBA(255,255,255,0) » min_height= »720px » custom_padding= »6px||13px||| » top_divider_color= »#afafaf » global_colors_info= »{} »][et_pb_row column_structure= »1_4,3_4&Prime; _builder_version= »4.16&Prime; _module_preset= »default » custom_padding= »50px||||| » global_colors_info= »{} »][et_pb_column type= »1_4&Prime; _builder_version= »4.16&Prime; _module_preset= »default » global_colors_info= »{} »][et_pb_image src= »https://ffr-sarine.ch/wp-content/uploads/2024/11/logo_ffrss_cb_text_274x120t.png » title_text= »Logo FFR Section Sarine » url= »https://ffr-sarine.ch/ » align= »center » _builder_version= »4.27.2&Prime; _module_preset= »default » global_colors_info= »{} »][/et_pb_image][/et_pb_column][et_pb_column type= »3_4&Prime; _builder_version= »4.16&Prime; _module_preset= »default » global_colors_info= »{} »][et_pb_text _builder_version= »4.27.0&Prime; _module_preset= »default » text_text_color= »#000000&Prime; text_font_size= »20px » global_colors_info= »{} »]</p>
<p style="text-align: center;"><strong>Procès-verbaux des assemblées générales<br />&#8211; <em>cliquez sur l&rsquo;année désirée</em></strong></p>
<p>[/et_pb_text][et_pb_text admin_label= »2026&Prime; _builder_version= »4.27.6&Prime; _module_preset= »default » text_text_color= »#000000&Prime; text_font_size= »18px » hover_enabled= »0&Prime; global_colors_info= »{} » sticky_enabled= »0&Prime;]</p>
<p style="text-align: center;"><a href="https://ffr-sarine.ch/wp-content/uploads/2026/04/260408_PV_AG_FFR-Sarine.pdf" rel="attachment wp-att-4678 noopener" target="_blank"><strong><span style="color: #000000;">2026</span></strong></a></p>
<p>[/et_pb_text][et_pb_text admin_label= »2025&Prime; _builder_version= »4.27.4&Prime; _module_preset= »default » text_text_color= »#000000&Prime; text_font_size= »18px » global_colors_info= »{} »]</p>
<p style="text-align: center;"><a href="https://ffr-sarine.ch/wp-content/uploads/2025/04/250409_PV_AG.pdf" rel="attachment wp-att-4678 noopener" target="_blank"><strong><span style="color: #000000;">2025</span></strong></a></p>
<p>[/et_pb_text][et_pb_text admin_label= »2024&Prime; _builder_version= »4.27.0&Prime; _module_preset= »default » text_text_color= »#000000&Prime; text_font_size= »18px » global_colors_info= »{} »]</p>
<p style="text-align: center;"><a href="https://ffr-sarine.ch/wp-content/uploads/2024/09/240417_PV_AG.pdf" rel="attachment wp-att-4678 noopener" target="_blank"><strong><span style="color: #000000;">2024</span></strong></a></p>
<p>[/et_pb_text][et_pb_text admin_label= »2023&Prime; _builder_version= »4.27.0&Prime; _module_preset= »default » text_text_color= »#000000&Prime; text_font_size= »18px » global_colors_info= »{} »]</p>
<p style="text-align: center;"><a href="https://ffr-sarine.ch/wp-content/uploads/2024/09/230419_PV_AG.pdf" rel="attachment wp-att-4677 noopener" target="_blank"><strong><span style="color: #000000;">2023</span></strong></a></p>
<p>[/et_pb_text][et_pb_text admin_label= »2022&Prime; _builder_version= »4.27.0&Prime; _module_preset= »default » text_text_color= »#000000&Prime; text_font_size= »18px » link_option_url_new_window= »on » global_colors_info= »{} »]</p>
<p style="text-align: center;"><a href="https://ffr-sarine.ch/wp-content/uploads/2024/09/220406_PV_AG.pdf" target="_blank" rel="noopener"><strong><span style="color: #000000;">2022</span></strong></a></p>
<p>[/et_pb_text][et_pb_text admin_label= »2021&Prime; _builder_version= »4.21.0&Prime; _module_preset= »default » text_text_color= »#000000&Prime; text_font_size= »18px » link_option_url_new_window= »on » global_colors_info= »{} »]</p>
<p style="text-align: center;"><strong>2021 &#8211; Vote par correspondance</strong></p>
<p>[/et_pb_text][et_pb_text admin_label= »2020&Prime; _builder_version= »4.16&Prime; _module_preset= »default » text_text_color= »#000000&Prime; text_font_size= »18px » link_option_url_new_window= »on » global_colors_info= »{} »]</p>
<p style="text-align: center;"><strong>2020 &#8211; pas d&rsquo;assemblée à cause de la pandémie</strong></p>
<p>[/et_pb_text][/et_pb_column][/et_pb_row][/et_pb_section]</p>

<p>Procès-verbaux des assemblées générales- cliquez sur l&rsquo;année désirée202620252024202320222021 &#8211; Vote par correspondance2020 &#8211; pas d&rsquo;assemblée à cause de la pandémie</p>

<!-- This site is optimized with the Yoast SEO plugin v28.3 - https://yoast.com/product/yoast-seo-wordpress/ -->
<title>PV des assemblées - ffr-sarine</title>
<meta name="robots" content="index, follow, max-snippet:-1, max-image-preview:large, max-video-preview:-1" />
<link rel="canonical" href="https://ffr-sarine.ch/index.php/pv-ag/" />
<meta property="og:locale" content="fr_FR" />
<meta property="og:type" content="article" />
<meta property="og:title" content="PV des assemblées - ffr-sarine" />
<meta property="og:description" content="Procès-verbaux des assemblées générales- cliquez sur l&#039;année désirée202620252024202320222021 - Vote par correspondance2020 - pas d&#039;assemblée à cause de la pandémie" />
<meta property="og:url" content="https://ffr-sarine.ch/index.php/pv-ag/" />
<meta property="og:site_name" content="ffr-sarine" />
<meta property="article:modified_time" content="2026-04-30T10:16:43+00:00" />
<meta name="twitter:card" content="summary_large_image" />
<meta name="twitter:label1" content="Durée de lecture estimée" />
	<meta name="twitter:data1" content="1 minute" />
<script type="application/ld+json" class="yoast-schema-graph">{"@context":"https:\/\/schema.org","@graph":[{"@type":"WebPage","@id":"https:\/\/ffr-sarine.ch\/index.php\/pv-ag\/","url":"https:\/\/ffr-sarine.ch\/index.php\/pv-ag\/","name":"PV des assemblées - ffr-sarine","isPartOf":{"@id":"https:\/\/ffr-sarine.ch\/#website"},"datePublished":"2021-05-29T08:57:49+00:00","dateModified":"2026-04-30T10:16:43+00:00","breadcrumb":{"@id":"https:\/\/ffr-sarine.ch\/index.php\/pv-ag\/#breadcrumb"},"inLanguage":"fr-FR","potentialAction":[{"@type":"ReadAction","target":["https:\/\/ffr-sarine.ch\/index.php\/pv-ag\/"]}]},{"@type":"BreadcrumbList","@id":"https:\/\/ffr-sarine.ch\/index.php\/pv-ag\/#breadcrumb","itemListElement":[{"@type":"ListItem","position":1,"name":"Accueil","item":"https:\/\/ffr-sarine.ch\/"},{"@type":"ListItem","position":2,"name":"PV des assemblées"}]},{"@type":"WebSite","@id":"https:\/\/ffr-sarine.ch\/#website","url":"https:\/\/ffr-sarine.ch\/","name":"ffr-sarine","description":"Fédération Fribourgeoise des Retraités Section Sarine","potentialAction":[{"@type":"SearchAction","target":{"@type":"EntryPoint","urlTemplate":"https:\/\/ffr-sarine.ch\/?s={search_term_string}"},"query-input":{"@type":"PropertyValueSpecification","valueRequired":true,"valueName":"search_term_string"}}],"inLanguage":"fr-FR"}]}</script>
<!-- / Yoast SEO plugin. -->

PV des assemblées - ffr-sarine

Procès-verbaux des assemblées générales- cliquez sur l'année désirée202620252024202320222021 - Vote par correspondance2020 - pas d'assemblée à cause de la pandémie

Fédération Fribourgeoise des Retraités Section Sarine
