{"id":2779,"date":"2021-07-02T14:50:46","date_gmt":"2021-07-02T14:50:46","guid":{"rendered":"https:\/\/ffr-sarine.ch\/?page_id=2779"},"modified":"2024-11-09T15:45:02","modified_gmt":"2024-11-09T14:45:02","slug":"comm-cqe","status":"publish","type":"page","link":"https:\/\/ffr-sarine.ch\/index.php\/comm-cqe\/","title":{"rendered":"Commission des questions \u00e9conomiques"},"content":{"rendered":"<p>[et_pb_section fb_built=\u00a0\u00bb1&Prime; _builder_version=\u00a0\u00bb4.27.2&Prime; _module_preset=\u00a0\u00bbdefault\u00a0\u00bb background_color=\u00a0\u00bbRGBA(255,255,255,0)\u00a0\u00bb min_height=\u00a0\u00bb720px\u00a0\u00bb custom_padding=\u00a0\u00bb||0px|||\u00a0\u00bb top_divider_color=\u00a0\u00bb#afafaf\u00a0\u00bb global_colors_info=\u00a0\u00bb{}\u00a0\u00bb][et_pb_row column_structure=\u00a0\u00bb1_3,2_3&Prime; _builder_version=\u00a0\u00bb4.16&Prime; _module_preset=\u00a0\u00bbdefault\u00a0\u00bb global_colors_info=\u00a0\u00bb{}\u00a0\u00bb][et_pb_column type=\u00a0\u00bb1_3&Prime; _builder_version=\u00a0\u00bb4.16&Prime; _module_preset=\u00a0\u00bbdefault\u00a0\u00bb global_colors_info=\u00a0\u00bb{}\u00a0\u00bb][et_pb_image _builder_version=\u00a0\u00bb4.27.2&Prime; _module_preset=\u00a0\u00bbdefault\u00a0\u00bb admin_label=\u00a0\u00bbimage ffrss\u00a0\u00bb url=\u00a0\u00bbhttps:\/\/ffr-sarine.ch\/\u00a0\u00bb title_text=\u00a0\u00bbLogo FFR Section Sarine\u00a0\u00bb src=\u00a0\u00bbhttps:\/\/ffr-sarine.ch\/wp-content\/uploads\/2024\/11\/logo_ffrss_cb_text_274x120t.png\u00a0\u00bb align=\u00a0\u00bbcenter\u00a0\u00bb hover_enabled=\u00a0\u00bb0&Prime; sticky_enabled=\u00a0\u00bb0&Prime;][\/et_pb_image][\/et_pb_column][et_pb_column type=\u00a0\u00bb2_3&Prime; _builder_version=\u00a0\u00bb4.16&Prime; _module_preset=\u00a0\u00bbdefault\u00a0\u00bb global_colors_info=\u00a0\u00bb{}\u00a0\u00bb][et_pb_text admin_label=\u00a0\u00bbtitre afin de d\u00e9fendre &#8230;\u00a0\u00bb _builder_version=\u00a0\u00bb4.25.2&Prime; _module_preset=\u00a0\u00bbdefault\u00a0\u00bb text_text_color=\u00a0\u00bb#000000&Prime; text_font_size=\u00a0\u00bb21px\u00a0\u00bb text_line_height=\u00a0\u00bb1.8em\u00a0\u00bb global_colors_info=\u00a0\u00bb{}\u00a0\u00bb]<\/p>\n<p style=\"text-align: left;\">Afin de d\u00e9fendre vos int\u00e9r\u00eats aupr\u00e8s des instances cantonales, Monsieur Albert Noth est le d\u00e9l\u00e9gu\u00e9 au sein de la <strong>CQE &#8211; Commission des questions \u00e9conomiques &#8211; <\/strong>pour l&rsquo;instant, la CQE fonctionne \u00e0 6 membres.<\/p>\n<p><strong>Quel est le r\u00f4le de cette commission ?<\/strong><\/p>\n<p>Suivre l&rsquo;\u00e9volution des d\u00e9crets, initiatives et lois qui peuvent avoir des r\u00e9percussions sur la vie des a\u00een\u00e9s, sur leur situation financi\u00e8re et la d\u00e9fense de leur droits.<\/p>\n<p><strong>Exemples de sujets trait\u00e9s :<\/strong><\/p>\n<ul>\n<li>La baisse des primes pour les jeunes aura-t-elle une influence sur la prime que paient les a\u00een\u00e9s ?<\/li>\n<li>Les effets pervers du changement de caisse-maladie.<\/li>\n<li>Le rapport sur les co\u00fbts de la sant\u00e9, le co\u00fbt des m\u00e9dicaments et le manque de transparence du calcul des primes sans oublier d&rsquo;analyser les propositions des partis politiques.<\/li>\n<\/ul>\n<p>Utilisez notre formulaire de <a href=\"https:\/\/ffr-sarine.ch\/index.php\/contact\/\">contact<\/a> pour avoir plus d&rsquo;informations.<\/p>\n<p>[\/et_pb_text][\/et_pb_column][\/et_pb_row][\/et_pb_section]<\/p>\n","protected":false},"excerpt":{"rendered":"<p>Afin de d\u00e9fendre vos int\u00e9r\u00eats aupr\u00e8s des instances cantonales, Monsieur Albert Noth est le d\u00e9l\u00e9gu\u00e9 au sein de la CQE &#8211; Commission des questions \u00e9conomiques &#8211; pour l&rsquo;instant, la CQE fonctionne \u00e0 6 membres. Quel est le r\u00f4le de cette commission ? Suivre l&rsquo;\u00e9volution des d\u00e9crets, initiatives et lois qui peuvent avoir des r\u00e9percussions sur [&hellip;]<\/p>\n","protected":false},"author":1,"featured_media":0,"parent":0,"menu_order":0,"comment_status":"closed","ping_status":"closed","template":"","meta":{"_et_pb_use_builder":"on","_et_pb_old_content":"","_et_gb_content_width":"","footnotes":""},"class_list":["post-2779","page","type-page","status-publish","hentry"],"yoast_head":"<!-- This site is optimized with the Yoast SEO plugin v28.3 - https:\/\/yoast.com\/product\/yoast-seo-wordpress\/ -->\n<title>Commission des questions \u00e9conomiques - ffr-sarine<\/title>\n<meta name=\"robots\" content=\"index, follow, max-snippet:-1, max-image-preview:large, max-video-preview:-1\" \/>\n<link rel=\"canonical\" href=\"https:\/\/ffr-sarine.ch\/index.php\/comm-cqe\/\" \/>\n<meta property=\"og:locale\" content=\"fr_FR\" \/>\n<meta property=\"og:type\" content=\"article\" \/>\n<meta property=\"og:title\" content=\"Commission des questions \u00e9conomiques - ffr-sarine\" \/>\n<meta property=\"og:description\" content=\"Afin de d\u00e9fendre vos int\u00e9r\u00eats aupr\u00e8s des instances cantonales, Monsieur Albert Noth est le d\u00e9l\u00e9gu\u00e9 au sein de la CQE - Commission des questions \u00e9conomiques - pour l&#039;instant, la CQE fonctionne \u00e0 6 membres. Quel est le r\u00f4le de cette commission ? Suivre l&#039;\u00e9volution des d\u00e9crets, initiatives et lois qui peuvent avoir des r\u00e9percussions sur [&hellip;]\" \/>\n<meta property=\"og:url\" content=\"https:\/\/ffr-sarine.ch\/index.php\/comm-cqe\/\" \/>\n<meta property=\"og:site_name\" content=\"ffr-sarine\" \/>\n<meta property=\"article:modified_time\" content=\"2024-11-09T14:45:02+00:00\" \/>\n<meta name=\"twitter:card\" content=\"summary_large_image\" \/>\n<meta name=\"twitter:label1\" content=\"Dur\u00e9e de lecture estim\u00e9e\" \/>\n\t<meta name=\"twitter:data1\" content=\"2 minutes\" \/>\n<script type=\"application\/ld+json\" class=\"yoast-schema-graph\">{\"@context\":\"https:\\\/\\\/schema.org\",\"@graph\":[{\"@type\":\"WebPage\",\"@id\":\"https:\\\/\\\/ffr-sarine.ch\\\/index.php\\\/comm-cqe\\\/\",\"url\":\"https:\\\/\\\/ffr-sarine.ch\\\/index.php\\\/comm-cqe\\\/\",\"name\":\"Commission des questions \u00e9conomiques - ffr-sarine\",\"isPartOf\":{\"@id\":\"https:\\\/\\\/ffr-sarine.ch\\\/#website\"},\"datePublished\":\"2021-07-02T14:50:46+00:00\",\"dateModified\":\"2024-11-09T14:45:02+00:00\",\"breadcrumb\":{\"@id\":\"https:\\\/\\\/ffr-sarine.ch\\\/index.php\\\/comm-cqe\\\/#breadcrumb\"},\"inLanguage\":\"fr-FR\",\"potentialAction\":[{\"@type\":\"ReadAction\",\"target\":[\"https:\\\/\\\/ffr-sarine.ch\\\/index.php\\\/comm-cqe\\\/\"]}]},{\"@type\":\"BreadcrumbList\",\"@id\":\"https:\\\/\\\/ffr-sarine.ch\\\/index.php\\\/comm-cqe\\\/#breadcrumb\",\"itemListElement\":[{\"@type\":\"ListItem\",\"position\":1,\"name\":\"Accueil\",\"item\":\"https:\\\/\\\/ffr-sarine.ch\\\/\"},{\"@type\":\"ListItem\",\"position\":2,\"name\":\"Commission des questions \u00e9conomiques\"}]},{\"@type\":\"WebSite\",\"@id\":\"https:\\\/\\\/ffr-sarine.ch\\\/#website\",\"url\":\"https:\\\/\\\/ffr-sarine.ch\\\/\",\"name\":\"ffr-sarine\",\"description\":\"F\u00e9d\u00e9ration Fribourgeoise des Retrait\u00e9s Section Sarine\",\"potentialAction\":[{\"@type\":\"SearchAction\",\"target\":{\"@type\":\"EntryPoint\",\"urlTemplate\":\"https:\\\/\\\/ffr-sarine.ch\\\/?s={search_term_string}\"},\"query-input\":{\"@type\":\"PropertyValueSpecification\",\"valueRequired\":true,\"valueName\":\"search_term_string\"}}],\"inLanguage\":\"fr-FR\"}]}<\/script>\n<!-- \/ Yoast SEO plugin. -->","yoast_head_json":{"title":"Commission des questions \u00e9conomiques - ffr-sarine","robots":{"index":"index","follow":"follow","max-snippet":"max-snippet:-1","max-image-preview":"max-image-preview:large","max-video-preview":"max-video-preview:-1"},"canonical":"https:\/\/ffr-sarine.ch\/index.php\/comm-cqe\/","og_locale":"fr_FR","og_type":"article","og_title":"Commission des questions \u00e9conomiques - ffr-sarine","og_description":"Afin de d\u00e9fendre vos int\u00e9r\u00eats aupr\u00e8s des instances cantonales, Monsieur Albert Noth est le d\u00e9l\u00e9gu\u00e9 au sein de la CQE - Commission des questions \u00e9conomiques - pour l'instant, la CQE fonctionne \u00e0 6 membres. Quel est le r\u00f4le de cette commission ? Suivre l'\u00e9volution des d\u00e9crets, initiatives et lois qui peuvent avoir des r\u00e9percussions sur [&hellip;]","og_url":"https:\/\/ffr-sarine.ch\/index.php\/comm-cqe\/","og_site_name":"ffr-sarine","article_modified_time":"2024-11-09T14:45:02+00:00","twitter_card":"summary_large_image","twitter_misc":{"Dur\u00e9e de lecture estim\u00e9e":"2 minutes"},"schema":{"@context":"https:\/\/schema.org","@graph":[{"@type":"WebPage","@id":"https:\/\/ffr-sarine.ch\/index.php\/comm-cqe\/","url":"https:\/\/ffr-sarine.ch\/index.php\/comm-cqe\/","name":"Commission des questions \u00e9conomiques - ffr-sarine","isPartOf":{"@id":"https:\/\/ffr-sarine.ch\/#website"},"datePublished":"2021-07-02T14:50:46+00:00","dateModified":"2024-11-09T14:45:02+00:00","breadcrumb":{"@id":"https:\/\/ffr-sarine.ch\/index.php\/comm-cqe\/#breadcrumb"},"inLanguage":"fr-FR","potentialAction":[{"@type":"ReadAction","target":["https:\/\/ffr-sarine.ch\/index.php\/comm-cqe\/"]}]},{"@type":"BreadcrumbList","@id":"https:\/\/ffr-sarine.ch\/index.php\/comm-cqe\/#breadcrumb","itemListElement":[{"@type":"ListItem","position":1,"name":"Accueil","item":"https:\/\/ffr-sarine.ch\/"},{"@type":"ListItem","position":2,"name":"Commission des questions \u00e9conomiques"}]},{"@type":"WebSite","@id":"https:\/\/ffr-sarine.ch\/#website","url":"https:\/\/ffr-sarine.ch\/","name":"ffr-sarine","description":"F\u00e9d\u00e9ration Fribourgeoise des Retrait\u00e9s Section Sarine","potentialAction":[{"@type":"SearchAction","target":{"@type":"EntryPoint","urlTemplate":"https:\/\/ffr-sarine.ch\/?s={search_term_string}"},"query-input":{"@type":"PropertyValueSpecification","valueRequired":true,"valueName":"search_term_string"}}],"inLanguage":"fr-FR"}]}},"_links":{"self":[{"href":"https:\/\/ffr-sarine.ch\/index.php\/wp-json\/wp\/v2\/pages\/2779","targetHints":{"allow":["GET"]}}],"collection":[{"href":"https:\/\/ffr-sarine.ch\/index.php\/wp-json\/wp\/v2\/pages"}],"about":[{"href":"https:\/\/ffr-sarine.ch\/index.php\/wp-json\/wp\/v2\/types\/page"}],"author":[{"embeddable":true,"href":"https:\/\/ffr-sarine.ch\/index.php\/wp-json\/wp\/v2\/users\/1"}],"replies":[{"embeddable":true,"href":"https:\/\/ffr-sarine.ch\/index.php\/wp-json\/wp\/v2\/comments?post=2779"}],"version-history":[{"count":21,"href":"https:\/\/ffr-sarine.ch\/index.php\/wp-json\/wp\/v2\/pages\/2779\/revisions"}],"predecessor-version":[{"id":5442,"href":"https:\/\/ffr-sarine.ch\/index.php\/wp-json\/wp\/v2\/pages\/2779\/revisions\/5442"}],"wp:attachment":[{"href":"https:\/\/ffr-sarine.ch\/index.php\/wp-json\/wp\/v2\/media?parent=2779"}],"curies":[{"name":"wp","href":"https:\/\/api.w.org\/{rel}","templated":true}]}}

Commission des questions économiques

<p>[et_pb_section fb_built= »1&Prime; _builder_version= »4.27.2&Prime; _module_preset= »default » background_color= »RGBA(255,255,255,0) » min_height= »720px » custom_padding= »||0px||| » top_divider_color= »#afafaf » global_colors_info= »{} »][et_pb_row column_structure= »1_3,2_3&Prime; _builder_version= »4.16&Prime; _module_preset= »default » global_colors_info= »{} »][et_pb_column type= »1_3&Prime; _builder_version= »4.16&Prime; _module_preset= »default » global_colors_info= »{} »][et_pb_image _builder_version= »4.27.2&Prime; _module_preset= »default » admin_label= »image ffrss » url= »https://ffr-sarine.ch/ » title_text= »Logo FFR Section Sarine » src= »https://ffr-sarine.ch/wp-content/uploads/2024/11/logo_ffrss_cb_text_274x120t.png » align= »center » hover_enabled= »0&Prime; sticky_enabled= »0&Prime;][/et_pb_image][/et_pb_column][et_pb_column type= »2_3&Prime; _builder_version= »4.16&Prime; _module_preset= »default » global_colors_info= »{} »][et_pb_text admin_label= »titre afin de défendre &#8230; » _builder_version= »4.25.2&Prime; _module_preset= »default » text_text_color= »#000000&Prime; text_font_size= »21px » text_line_height= »1.8em » global_colors_info= »{} »]</p>
<p style="text-align: left;">Afin de défendre vos intérêts auprès des instances cantonales, Monsieur Albert Noth est le délégué au sein de la <strong>CQE &#8211; Commission des questions économiques &#8211; </strong>pour l&rsquo;instant, la CQE fonctionne à 6 membres.</p>
<p><strong>Quel est le rôle de cette commission ?</strong></p>
<p>Suivre l&rsquo;évolution des décrets, initiatives et lois qui peuvent avoir des répercussions sur la vie des aînés, sur leur situation financière et la défense de leur droits.</p>
<p><strong>Exemples de sujets traités :</strong></p>
<ul>
<li>La baisse des primes pour les jeunes aura-t-elle une influence sur la prime que paient les aînés ?</li>
<li>Les effets pervers du changement de caisse-maladie.</li>
<li>Le rapport sur les coûts de la santé, le coût des médicaments et le manque de transparence du calcul des primes sans oublier d&rsquo;analyser les propositions des partis politiques.</li>
</ul>
<p>Utilisez notre formulaire de <a href="https://ffr-sarine.ch/index.php/contact/">contact</a> pour avoir plus d&rsquo;informations.</p>
<p>[/et_pb_text][/et_pb_column][/et_pb_row][/et_pb_section]</p>

<p>Afin de défendre vos intérêts auprès des instances cantonales, Monsieur Albert Noth est le délégué au sein de la CQE &#8211; Commission des questions économiques &#8211; pour l&rsquo;instant, la CQE fonctionne à 6 membres. Quel est le rôle de cette commission ? Suivre l&rsquo;évolution des décrets, initiatives et lois qui peuvent avoir des répercussions sur [&hellip;]</p>

<!-- This site is optimized with the Yoast SEO plugin v28.3 - https://yoast.com/product/yoast-seo-wordpress/ -->
<title>Commission des questions économiques - ffr-sarine</title>
<meta name="robots" content="index, follow, max-snippet:-1, max-image-preview:large, max-video-preview:-1" />
<link rel="canonical" href="https://ffr-sarine.ch/index.php/comm-cqe/" />
<meta property="og:locale" content="fr_FR" />
<meta property="og:type" content="article" />
<meta property="og:title" content="Commission des questions économiques - ffr-sarine" />
<meta property="og:description" content="Afin de défendre vos intérêts auprès des instances cantonales, Monsieur Albert Noth est le délégué au sein de la CQE - Commission des questions économiques - pour l&#039;instant, la CQE fonctionne à 6 membres. Quel est le rôle de cette commission ? Suivre l&#039;évolution des décrets, initiatives et lois qui peuvent avoir des répercussions sur [&hellip;]" />
<meta property="og:url" content="https://ffr-sarine.ch/index.php/comm-cqe/" />
<meta property="og:site_name" content="ffr-sarine" />
<meta property="article:modified_time" content="2024-11-09T14:45:02+00:00" />
<meta name="twitter:card" content="summary_large_image" />
<meta name="twitter:label1" content="Durée de lecture estimée" />
	<meta name="twitter:data1" content="2 minutes" />
<script type="application/ld+json" class="yoast-schema-graph">{"@context":"https:\/\/schema.org","@graph":[{"@type":"WebPage","@id":"https:\/\/ffr-sarine.ch\/index.php\/comm-cqe\/","url":"https:\/\/ffr-sarine.ch\/index.php\/comm-cqe\/","name":"Commission des questions économiques - ffr-sarine","isPartOf":{"@id":"https:\/\/ffr-sarine.ch\/#website"},"datePublished":"2021-07-02T14:50:46+00:00","dateModified":"2024-11-09T14:45:02+00:00","breadcrumb":{"@id":"https:\/\/ffr-sarine.ch\/index.php\/comm-cqe\/#breadcrumb"},"inLanguage":"fr-FR","potentialAction":[{"@type":"ReadAction","target":["https:\/\/ffr-sarine.ch\/index.php\/comm-cqe\/"]}]},{"@type":"BreadcrumbList","@id":"https:\/\/ffr-sarine.ch\/index.php\/comm-cqe\/#breadcrumb","itemListElement":[{"@type":"ListItem","position":1,"name":"Accueil","item":"https:\/\/ffr-sarine.ch\/"},{"@type":"ListItem","position":2,"name":"Commission des questions économiques"}]},{"@type":"WebSite","@id":"https:\/\/ffr-sarine.ch\/#website","url":"https:\/\/ffr-sarine.ch\/","name":"ffr-sarine","description":"Fédération Fribourgeoise des Retraités Section Sarine","potentialAction":[{"@type":"SearchAction","target":{"@type":"EntryPoint","urlTemplate":"https:\/\/ffr-sarine.ch\/?s={search_term_string}"},"query-input":{"@type":"PropertyValueSpecification","valueRequired":true,"valueName":"search_term_string"}}],"inLanguage":"fr-FR"}]}</script>
<!-- / Yoast SEO plugin. -->

Commission des questions économiques - ffr-sarine

Afin de défendre vos intérêts auprès des instances cantonales, Monsieur Albert Noth est le délégué au sein de la CQE - Commission des questions économiques - pour l'instant, la CQE fonctionne à 6 membres. Quel est le rôle de cette commission ? Suivre l'évolution des décrets, initiatives et lois qui peuvent avoir des répercussions sur [&hellip;]

Fédération Fribourgeoise des Retraités Section Sarine
