{"id":2758,"date":"2021-06-29T12:17:47","date_gmt":"2021-06-29T12:17:47","guid":{"rendered":"https:\/\/ffr-sarine.ch\/?page_id=2758"},"modified":"2026-04-07T11:13:54","modified_gmt":"2026-04-07T09:13:54","slug":"historique","status":"publish","type":"page","link":"https:\/\/ffr-sarine.ch\/index.php\/historique\/","title":{"rendered":"Historique"},"content":{"rendered":"<p>[et_pb_section fb_built=\u00a0\u00bb1&Prime; _builder_version=\u00a0\u00bb4.27.2&Prime; _module_preset=\u00a0\u00bbdefault\u00a0\u00bb background_color=\u00a0\u00bbRGBA(255,255,255,0)\u00a0\u00bb min_height=\u00a0\u00bb720px\u00a0\u00bb top_divider_color=\u00a0\u00bb#afafaf\u00a0\u00bb global_colors_info=\u00a0\u00bb{}\u00a0\u00bb][et_pb_row column_structure=\u00a0\u00bb1_4,3_4&Prime; _builder_version=\u00a0\u00bb4.16&Prime; _module_preset=\u00a0\u00bbdefault\u00a0\u00bb global_colors_info=\u00a0\u00bb{}\u00a0\u00bb][et_pb_column type=\u00a0\u00bb1_4&Prime; _builder_version=\u00a0\u00bb4.16&Prime; _module_preset=\u00a0\u00bbdefault\u00a0\u00bb global_colors_info=\u00a0\u00bb{}\u00a0\u00bb][et_pb_image src=\u00a0\u00bbhttps:\/\/ffr-sarine.ch\/wp-content\/uploads\/2024\/11\/logo_ffrss_cb_text_274x120t.png\u00a0\u00bb title_text=\u00a0\u00bbLogo FFR Section Sarine\u00a0\u00bb url=\u00a0\u00bbhttps:\/\/ffr-sarine.ch\/\u00a0\u00bb url_new_window=\u00a0\u00bbon\u00a0\u00bb align=\u00a0\u00bbcenter\u00a0\u00bb _builder_version=\u00a0\u00bb4.27.2&Prime; _module_preset=\u00a0\u00bbdefault\u00a0\u00bb global_colors_info=\u00a0\u00bb{}\u00a0\u00bb][\/et_pb_image][\/et_pb_column][et_pb_column type=\u00a0\u00bb3_4&Prime; _builder_version=\u00a0\u00bb4.16&Prime; _module_preset=\u00a0\u00bbdefault\u00a0\u00bb global_colors_info=\u00a0\u00bb{}\u00a0\u00bb][et_pb_text admin_label=\u00a0\u00bbhistorique par Jeannette\u00a0\u00bb _builder_version=\u00a0\u00bb4.27.6&Prime; _module_preset=\u00a0\u00bbdefault\u00a0\u00bb text_text_color=\u00a0\u00bb#000000&Prime; text_font_size=\u00a0\u00bb19px\u00a0\u00bb hover_enabled=\u00a0\u00bb0&Prime; global_colors_info=\u00a0\u00bb{}\u00a0\u00bb sticky_enabled=\u00a0\u00bb0&Prime;]<\/p>\n<p style=\"text-align: center;\"><strong>F\u00e9d\u00e9ration fribourgeoise des retrait\u00e9s<\/strong><\/p>\n<p style=\"text-align: center;\"><strong>Historique de l\u2019organisation cantonale et de la section Sarine\u00a0 (Ville de Fribourg et les communes du district).<\/strong><\/p>\n<p>&nbsp;<\/p>\n<p>L\u2019origine de la F\u00e9d\u00e9ration fribourgeoise des retrait\u00e9s remonte \u00e0 1983, sous le nom de Groupement syndical. Ce sont bien d\u2019anciens syndicalistes qui l\u2019ont cr\u00e9\u00e9, ils voulaient continuer \u00e0 lutter pour les assurances sociales.<\/p>\n<p>La FFR a \u00e9t\u00e9 officiellement constitu\u00e9e le 15 mai 1984 \u00e0 Fribourg. Parmi les responsables, nous trouvons les noms de Joseph Rey et Gilbert D\u00e9vaud.<\/p>\n<p>C\u2019est gr\u00e2ce au travail inlassable de ces personnes et notamment de Paul Baumann d\u2019Arconciel, de Mr Paschoud et Fran\u00e7ois Ang\u00e9loz\u00a0 de Belfaux que la cr\u00e9ation d\u2019une section Sarine, avec ou sans la Ville de Fribourg se pr\u00e9cise.<\/p>\n<p>La section Sarine a \u00e9t\u00e9 reconnue officiellement le 8 juin 1993.<\/p>\n<p>Durant un certain temps, la section Sarine n\u2019a pas de pr\u00e9sident. Les diverses associations de retrait\u00e9s se rencontrent, on trouve alors dans un document du 8 juillet 1993, la mention de deux rives de la Sarine et\u00a0 de Fribourg-Ville.<\/p>\n<p>Le 25 septembre 1996, Pierre Berset est \u00e9lu comme 1er pr\u00e9sident, Fran\u00e7ois Ang\u00e9loz, vice-pr\u00e9sident.<\/p>\n<p>En 28 ans d\u2019existence, elle a pris un bel essor et compte aujourd\u2019hui\u00a0pr\u00e8s de 800 membres (31 d\u00e9cembre 2024\u00a0: 759).<\/p>\n<p>Voici les noms des pr\u00e9sidents qui se sont succ\u00e9d\u00e9s \u00e0 la t\u00eate de la section Sarine :<\/p>\n<p style=\"text-align: center;\">Pierre Berset \u00a01993-2000<\/p>\n<p style=\"text-align: center;\">Gaston Sauterel\u00a0 2000-2001<\/p>\n<p style=\"text-align: center;\">Hubert Chassot 2001-2005<\/p>\n<p style=\"text-align: center;\">S\u00e9bastien Barras 2005-2009<\/p>\n<p style=\"text-align: center;\">Jacques Morel 2009-2015<\/p>\n<p style=\"text-align: center;\">Jeannette Buchs Rosa 2015-2024<\/p>\n<p style=\"text-align: center;\">Dominique Raboud 2024-2025<\/p>\n<p style=\"text-align: center;\">Co-pr\u00e9sidents Dominique Facciuto et Danielle Chassot 2025-<\/p>\n<p>[\/et_pb_text][et_pb_text admin_label=\u00a0\u00bbhistorique par Jeannette &#8211; legende\u00a0\u00bb _builder_version=\u00a0\u00bb4.27.6&Prime; _module_preset=\u00a0\u00bbdefault\u00a0\u00bb text_text_color=\u00a0\u00bb#000000&Prime; text_font_size=\u00a0\u00bb12px\u00a0\u00bb ul_font_size=\u00a0\u00bb10px\u00a0\u00bb hover_enabled=\u00a0\u00bb0&Prime; global_colors_info=\u00a0\u00bb{}\u00a0\u00bb sticky_enabled=\u00a0\u00bb0&Prime;]<\/p>\n<p>&nbsp;<\/p>\n<p style=\"text-align: left;\">Texte de Jeannette Buchs Rosa &#8211; 7 mai 2024 &#8211; Mise \u00e0 jour : 7 avril 2026<\/p>\n<p>[\/et_pb_text][\/et_pb_column][\/et_pb_row][\/et_pb_section]<\/p>\n","protected":false},"excerpt":{"rendered":"<p>F\u00e9d\u00e9ration fribourgeoise des retrait\u00e9s Historique de l\u2019organisation cantonale et de la section Sarine\u00a0 (Ville de Fribourg et les communes du district). &nbsp; L\u2019origine de la F\u00e9d\u00e9ration fribourgeoise des retrait\u00e9s remonte \u00e0 1983, sous le nom de Groupement syndical. Ce sont bien d\u2019anciens syndicalistes qui l\u2019ont cr\u00e9\u00e9, ils voulaient continuer \u00e0 lutter pour les assurances sociales. [&hellip;]<\/p>\n","protected":false},"author":1,"featured_media":0,"parent":0,"menu_order":0,"comment_status":"closed","ping_status":"closed","template":"","meta":{"_et_pb_use_builder":"on","_et_pb_old_content":"","_et_gb_content_width":"","footnotes":""},"class_list":["post-2758","page","type-page","status-publish","hentry"],"yoast_head":"<!-- This site is optimized with the Yoast SEO plugin v28.3 - https:\/\/yoast.com\/product\/yoast-seo-wordpress\/ -->\n<title>Historique - ffr-sarine<\/title>\n<meta name=\"robots\" content=\"index, follow, max-snippet:-1, max-image-preview:large, max-video-preview:-1\" \/>\n<link rel=\"canonical\" href=\"https:\/\/ffr-sarine.ch\/index.php\/historique\/\" \/>\n<meta property=\"og:locale\" content=\"fr_FR\" \/>\n<meta property=\"og:type\" content=\"article\" \/>\n<meta property=\"og:title\" content=\"Historique - ffr-sarine\" \/>\n<meta property=\"og:description\" content=\"F\u00e9d\u00e9ration fribourgeoise des retrait\u00e9s Historique de l\u2019organisation cantonale et de la section Sarine\u00a0 (Ville de Fribourg et les communes du district). &nbsp; L\u2019origine de la F\u00e9d\u00e9ration fribourgeoise des retrait\u00e9s remonte \u00e0 1983, sous le nom de Groupement syndical. Ce sont bien d\u2019anciens syndicalistes qui l\u2019ont cr\u00e9\u00e9, ils voulaient continuer \u00e0 lutter pour les assurances sociales. [&hellip;]\" \/>\n<meta property=\"og:url\" content=\"https:\/\/ffr-sarine.ch\/index.php\/historique\/\" \/>\n<meta property=\"og:site_name\" content=\"ffr-sarine\" \/>\n<meta property=\"article:modified_time\" content=\"2026-04-07T09:13:54+00:00\" \/>\n<meta name=\"twitter:card\" content=\"summary_large_image\" \/>\n<meta name=\"twitter:label1\" content=\"Dur\u00e9e de lecture estim\u00e9e\" \/>\n\t<meta name=\"twitter:data1\" content=\"2 minutes\" \/>\n<script type=\"application\/ld+json\" class=\"yoast-schema-graph\">{\"@context\":\"https:\\\/\\\/schema.org\",\"@graph\":[{\"@type\":\"WebPage\",\"@id\":\"https:\\\/\\\/ffr-sarine.ch\\\/index.php\\\/historique\\\/\",\"url\":\"https:\\\/\\\/ffr-sarine.ch\\\/index.php\\\/historique\\\/\",\"name\":\"Historique - ffr-sarine\",\"isPartOf\":{\"@id\":\"https:\\\/\\\/ffr-sarine.ch\\\/#website\"},\"datePublished\":\"2021-06-29T12:17:47+00:00\",\"dateModified\":\"2026-04-07T09:13:54+00:00\",\"breadcrumb\":{\"@id\":\"https:\\\/\\\/ffr-sarine.ch\\\/index.php\\\/historique\\\/#breadcrumb\"},\"inLanguage\":\"fr-FR\",\"potentialAction\":[{\"@type\":\"ReadAction\",\"target\":[\"https:\\\/\\\/ffr-sarine.ch\\\/index.php\\\/historique\\\/\"]}]},{\"@type\":\"BreadcrumbList\",\"@id\":\"https:\\\/\\\/ffr-sarine.ch\\\/index.php\\\/historique\\\/#breadcrumb\",\"itemListElement\":[{\"@type\":\"ListItem\",\"position\":1,\"name\":\"Accueil\",\"item\":\"https:\\\/\\\/ffr-sarine.ch\\\/\"},{\"@type\":\"ListItem\",\"position\":2,\"name\":\"Historique\"}]},{\"@type\":\"WebSite\",\"@id\":\"https:\\\/\\\/ffr-sarine.ch\\\/#website\",\"url\":\"https:\\\/\\\/ffr-sarine.ch\\\/\",\"name\":\"ffr-sarine\",\"description\":\"F\u00e9d\u00e9ration Fribourgeoise des Retrait\u00e9s Section Sarine\",\"potentialAction\":[{\"@type\":\"SearchAction\",\"target\":{\"@type\":\"EntryPoint\",\"urlTemplate\":\"https:\\\/\\\/ffr-sarine.ch\\\/?s={search_term_string}\"},\"query-input\":{\"@type\":\"PropertyValueSpecification\",\"valueRequired\":true,\"valueName\":\"search_term_string\"}}],\"inLanguage\":\"fr-FR\"}]}<\/script>\n<!-- \/ Yoast SEO plugin. -->","yoast_head_json":{"title":"Historique - ffr-sarine","robots":{"index":"index","follow":"follow","max-snippet":"max-snippet:-1","max-image-preview":"max-image-preview:large","max-video-preview":"max-video-preview:-1"},"canonical":"https:\/\/ffr-sarine.ch\/index.php\/historique\/","og_locale":"fr_FR","og_type":"article","og_title":"Historique - ffr-sarine","og_description":"F\u00e9d\u00e9ration fribourgeoise des retrait\u00e9s Historique de l\u2019organisation cantonale et de la section Sarine\u00a0 (Ville de Fribourg et les communes du district). &nbsp; L\u2019origine de la F\u00e9d\u00e9ration fribourgeoise des retrait\u00e9s remonte \u00e0 1983, sous le nom de Groupement syndical. Ce sont bien d\u2019anciens syndicalistes qui l\u2019ont cr\u00e9\u00e9, ils voulaient continuer \u00e0 lutter pour les assurances sociales. [&hellip;]","og_url":"https:\/\/ffr-sarine.ch\/index.php\/historique\/","og_site_name":"ffr-sarine","article_modified_time":"2026-04-07T09:13:54+00:00","twitter_card":"summary_large_image","twitter_misc":{"Dur\u00e9e de lecture estim\u00e9e":"2 minutes"},"schema":{"@context":"https:\/\/schema.org","@graph":[{"@type":"WebPage","@id":"https:\/\/ffr-sarine.ch\/index.php\/historique\/","url":"https:\/\/ffr-sarine.ch\/index.php\/historique\/","name":"Historique - ffr-sarine","isPartOf":{"@id":"https:\/\/ffr-sarine.ch\/#website"},"datePublished":"2021-06-29T12:17:47+00:00","dateModified":"2026-04-07T09:13:54+00:00","breadcrumb":{"@id":"https:\/\/ffr-sarine.ch\/index.php\/historique\/#breadcrumb"},"inLanguage":"fr-FR","potentialAction":[{"@type":"ReadAction","target":["https:\/\/ffr-sarine.ch\/index.php\/historique\/"]}]},{"@type":"BreadcrumbList","@id":"https:\/\/ffr-sarine.ch\/index.php\/historique\/#breadcrumb","itemListElement":[{"@type":"ListItem","position":1,"name":"Accueil","item":"https:\/\/ffr-sarine.ch\/"},{"@type":"ListItem","position":2,"name":"Historique"}]},{"@type":"WebSite","@id":"https:\/\/ffr-sarine.ch\/#website","url":"https:\/\/ffr-sarine.ch\/","name":"ffr-sarine","description":"F\u00e9d\u00e9ration Fribourgeoise des Retrait\u00e9s Section Sarine","potentialAction":[{"@type":"SearchAction","target":{"@type":"EntryPoint","urlTemplate":"https:\/\/ffr-sarine.ch\/?s={search_term_string}"},"query-input":{"@type":"PropertyValueSpecification","valueRequired":true,"valueName":"search_term_string"}}],"inLanguage":"fr-FR"}]}},"_links":{"self":[{"href":"https:\/\/ffr-sarine.ch\/index.php\/wp-json\/wp\/v2\/pages\/2758","targetHints":{"allow":["GET"]}}],"collection":[{"href":"https:\/\/ffr-sarine.ch\/index.php\/wp-json\/wp\/v2\/pages"}],"about":[{"href":"https:\/\/ffr-sarine.ch\/index.php\/wp-json\/wp\/v2\/types\/page"}],"author":[{"embeddable":true,"href":"https:\/\/ffr-sarine.ch\/index.php\/wp-json\/wp\/v2\/users\/1"}],"replies":[{"embeddable":true,"href":"https:\/\/ffr-sarine.ch\/index.php\/wp-json\/wp\/v2\/comments?post=2758"}],"version-history":[{"count":23,"href":"https:\/\/ffr-sarine.ch\/index.php\/wp-json\/wp\/v2\/pages\/2758\/revisions"}],"predecessor-version":[{"id":6530,"href":"https:\/\/ffr-sarine.ch\/index.php\/wp-json\/wp\/v2\/pages\/2758\/revisions\/6530"}],"wp:attachment":[{"href":"https:\/\/ffr-sarine.ch\/index.php\/wp-json\/wp\/v2\/media?parent=2758"}],"curies":[{"name":"wp","href":"https:\/\/api.w.org\/{rel}","templated":true}]}}

<p>[et_pb_section fb_built= »1&Prime; _builder_version= »4.27.2&Prime; _module_preset= »default » background_color= »RGBA(255,255,255,0) » min_height= »720px » top_divider_color= »#afafaf » global_colors_info= »{} »][et_pb_row column_structure= »1_4,3_4&Prime; _builder_version= »4.16&Prime; _module_preset= »default » global_colors_info= »{} »][et_pb_column type= »1_4&Prime; _builder_version= »4.16&Prime; _module_preset= »default » global_colors_info= »{} »][et_pb_image src= »https://ffr-sarine.ch/wp-content/uploads/2024/11/logo_ffrss_cb_text_274x120t.png » title_text= »Logo FFR Section Sarine » url= »https://ffr-sarine.ch/ » url_new_window= »on » align= »center » _builder_version= »4.27.2&Prime; _module_preset= »default » global_colors_info= »{} »][/et_pb_image][/et_pb_column][et_pb_column type= »3_4&Prime; _builder_version= »4.16&Prime; _module_preset= »default » global_colors_info= »{} »][et_pb_text admin_label= »historique par Jeannette » _builder_version= »4.27.6&Prime; _module_preset= »default » text_text_color= »#000000&Prime; text_font_size= »19px » hover_enabled= »0&Prime; global_colors_info= »{} » sticky_enabled= »0&Prime;]</p>
<p style="text-align: center;"><strong>Fédération fribourgeoise des retraités</strong></p>
<p style="text-align: center;"><strong>Historique de l’organisation cantonale et de la section Sarine  (Ville de Fribourg et les communes du district).</strong></p>
<p>&nbsp;</p>
<p>L’origine de la Fédération fribourgeoise des retraités remonte à 1983, sous le nom de Groupement syndical. Ce sont bien d’anciens syndicalistes qui l’ont créé, ils voulaient continuer à lutter pour les assurances sociales.</p>
<p>La FFR a été officiellement constituée le 15 mai 1984 à Fribourg. Parmi les responsables, nous trouvons les noms de Joseph Rey et Gilbert Dévaud.</p>
<p>C’est grâce au travail inlassable de ces personnes et notamment de Paul Baumann d’Arconciel, de Mr Paschoud et François Angéloz  de Belfaux que la création d’une section Sarine, avec ou sans la Ville de Fribourg se précise.</p>
<p>La section Sarine a été reconnue officiellement le 8 juin 1993.</p>
<p>Durant un certain temps, la section Sarine n’a pas de président. Les diverses associations de retraités se rencontrent, on trouve alors dans un document du 8 juillet 1993, la mention de deux rives de la Sarine et  de Fribourg-Ville.</p>
<p>Le 25 septembre 1996, Pierre Berset est élu comme 1er président, François Angéloz, vice-président.</p>
<p>En 28 ans d’existence, elle a pris un bel essor et compte aujourd’hui près de 800 membres (31 décembre 2024 : 759).</p>
<p>Voici les noms des présidents qui se sont succédés à la tête de la section Sarine :</p>
<p style="text-align: center;">Pierre Berset  1993-2000</p>
<p style="text-align: center;">Gaston Sauterel  2000-2001</p>
<p style="text-align: center;">Hubert Chassot 2001-2005</p>
<p style="text-align: center;">Sébastien Barras 2005-2009</p>
<p style="text-align: center;">Jacques Morel 2009-2015</p>
<p style="text-align: center;">Jeannette Buchs Rosa 2015-2024</p>
<p style="text-align: center;">Dominique Raboud 2024-2025</p>
<p style="text-align: center;">Co-présidents Dominique Facciuto et Danielle Chassot 2025-</p>
<p>[/et_pb_text][et_pb_text admin_label= »historique par Jeannette &#8211; legende » _builder_version= »4.27.6&Prime; _module_preset= »default » text_text_color= »#000000&Prime; text_font_size= »12px » ul_font_size= »10px » hover_enabled= »0&Prime; global_colors_info= »{} » sticky_enabled= »0&Prime;]</p>
<p>&nbsp;</p>
<p style="text-align: left;">Texte de Jeannette Buchs Rosa &#8211; 7 mai 2024 &#8211; Mise à jour : 7 avril 2026</p>
<p>[/et_pb_text][/et_pb_column][/et_pb_row][/et_pb_section]</p>

<p>Fédération fribourgeoise des retraités Historique de l’organisation cantonale et de la section Sarine  (Ville de Fribourg et les communes du district). &nbsp; L’origine de la Fédération fribourgeoise des retraités remonte à 1983, sous le nom de Groupement syndical. Ce sont bien d’anciens syndicalistes qui l’ont créé, ils voulaient continuer à lutter pour les assurances sociales. [&hellip;]</p>

<!-- This site is optimized with the Yoast SEO plugin v28.3 - https://yoast.com/product/yoast-seo-wordpress/ -->
<title>Historique - ffr-sarine</title>
<meta name="robots" content="index, follow, max-snippet:-1, max-image-preview:large, max-video-preview:-1" />
<link rel="canonical" href="https://ffr-sarine.ch/index.php/historique/" />
<meta property="og:locale" content="fr_FR" />
<meta property="og:type" content="article" />
<meta property="og:title" content="Historique - ffr-sarine" />
<meta property="og:description" content="Fédération fribourgeoise des retraités Historique de l’organisation cantonale et de la section Sarine  (Ville de Fribourg et les communes du district). &nbsp; L’origine de la Fédération fribourgeoise des retraités remonte à 1983, sous le nom de Groupement syndical. Ce sont bien d’anciens syndicalistes qui l’ont créé, ils voulaient continuer à lutter pour les assurances sociales. [&hellip;]" />
<meta property="og:url" content="https://ffr-sarine.ch/index.php/historique/" />
<meta property="og:site_name" content="ffr-sarine" />
<meta property="article:modified_time" content="2026-04-07T09:13:54+00:00" />
<meta name="twitter:card" content="summary_large_image" />
<meta name="twitter:label1" content="Durée de lecture estimée" />
	<meta name="twitter:data1" content="2 minutes" />
<script type="application/ld+json" class="yoast-schema-graph">{"@context":"https:\/\/schema.org","@graph":[{"@type":"WebPage","@id":"https:\/\/ffr-sarine.ch\/index.php\/historique\/","url":"https:\/\/ffr-sarine.ch\/index.php\/historique\/","name":"Historique - ffr-sarine","isPartOf":{"@id":"https:\/\/ffr-sarine.ch\/#website"},"datePublished":"2021-06-29T12:17:47+00:00","dateModified":"2026-04-07T09:13:54+00:00","breadcrumb":{"@id":"https:\/\/ffr-sarine.ch\/index.php\/historique\/#breadcrumb"},"inLanguage":"fr-FR","potentialAction":[{"@type":"ReadAction","target":["https:\/\/ffr-sarine.ch\/index.php\/historique\/"]}]},{"@type":"BreadcrumbList","@id":"https:\/\/ffr-sarine.ch\/index.php\/historique\/#breadcrumb","itemListElement":[{"@type":"ListItem","position":1,"name":"Accueil","item":"https:\/\/ffr-sarine.ch\/"},{"@type":"ListItem","position":2,"name":"Historique"}]},{"@type":"WebSite","@id":"https:\/\/ffr-sarine.ch\/#website","url":"https:\/\/ffr-sarine.ch\/","name":"ffr-sarine","description":"Fédération Fribourgeoise des Retraités Section Sarine","potentialAction":[{"@type":"SearchAction","target":{"@type":"EntryPoint","urlTemplate":"https:\/\/ffr-sarine.ch\/?s={search_term_string}"},"query-input":{"@type":"PropertyValueSpecification","valueRequired":true,"valueName":"search_term_string"}}],"inLanguage":"fr-FR"}]}</script>
<!-- / Yoast SEO plugin. -->

Fédération fribourgeoise des retraités Historique de l’organisation cantonale et de la section Sarine  (Ville de Fribourg et les communes du district). &nbsp; L’origine de la Fédération fribourgeoise des retraités remonte à 1983, sous le nom de Groupement syndical. Ce sont bien d’anciens syndicalistes qui l’ont créé, ils voulaient continuer à lutter pour les assurances sociales. [&hellip;]

Fédération Fribourgeoise des Retraités Section Sarine
