{"id":2621,"date":"2021-06-11T08:24:40","date_gmt":"2021-06-11T08:24:40","guid":{"rendered":"https:\/\/ffr-sarine.ch\/?page_id=2621"},"modified":"2024-10-25T12:16:47","modified_gmt":"2024-10-25T10:16:47","slug":"la-voix-des-seniors","status":"publish","type":"page","link":"https:\/\/ffr-sarine.ch\/index.php\/la-voix-des-seniors\/","title":{"rendered":"La voix des seniors"},"content":{"rendered":"<p>[et_pb_section fb_built=\u00a0\u00bb1&Prime; _builder_version=\u00a0\u00bb4.27.2&Prime; _module_preset=\u00a0\u00bbdefault\u00a0\u00bb top_divider_color=\u00a0\u00bb#afafaf\u00a0\u00bb hover_enabled=\u00a0\u00bb0&Prime; global_colors_info=\u00a0\u00bb{}\u00a0\u00bb background_color=\u00a0\u00bbRGBA(255,255,255,0)\u00a0\u00bb min_height=\u00a0\u00bb720px\u00a0\u00bb sticky_enabled=\u00a0\u00bb0&Prime;][et_pb_row column_structure=\u00a0\u00bb1_3,2_3&Prime; _builder_version=\u00a0\u00bb4.16&Prime; _module_preset=\u00a0\u00bbdefault\u00a0\u00bb global_colors_info=\u00a0\u00bb{}\u00a0\u00bb][et_pb_column type=\u00a0\u00bb1_3&Prime; _builder_version=\u00a0\u00bb4.16&Prime; _module_preset=\u00a0\u00bbdefault\u00a0\u00bb global_colors_info=\u00a0\u00bb{}\u00a0\u00bb][et_pb_image src=\u00a0\u00bbhttps:\/\/ffr-sarine.ch\/wp-content\/uploads\/2024\/09\/logo_cropped-Logo_CSA_tour_noir-1.png\u00a0\u00bb title_text=\u00a0\u00bblogo_cropped-Logo_CSA_tour_noir-1&Prime; url=\u00a0\u00bbhttps:\/\/ssr-csa.ch\/fr\/accueil\/\u00a0\u00bb url_new_window=\u00a0\u00bbon\u00a0\u00bb align=\u00a0\u00bbcenter\u00a0\u00bb admin_label=\u00a0\u00bblogo ssr-csa\u00a0\u00bb _builder_version=\u00a0\u00bb4.27.0&Prime; _module_preset=\u00a0\u00bbdefault\u00a0\u00bb global_colors_info=\u00a0\u00bb{}\u00a0\u00bb][\/et_pb_image][\/et_pb_column][et_pb_column type=\u00a0\u00bb2_3&Prime; _builder_version=\u00a0\u00bb4.16&Prime; _module_preset=\u00a0\u00bbdefault\u00a0\u00bb global_colors_info=\u00a0\u00bb{}\u00a0\u00bb][et_pb_text _builder_version=\u00a0\u00bb4.27.0&Prime; _module_preset=\u00a0\u00bbdefault\u00a0\u00bb text_text_color=\u00a0\u00bb#000000&Prime; text_font_size=\u00a0\u00bb18px\u00a0\u00bb global_colors_info=\u00a0\u00bb{}\u00a0\u00bb]Le Conseil suisse des ain\u00e9s \u00e9dite une revue semestrielle avec pour titre :<\/p>\n<p style=\"text-align: center;\"><span style=\"color: #000080;\"><strong>\u00ab\u00a0La voix des seniors\u00a0\u00bb<\/strong><\/span><\/p>\n<p>ainsi qu&rsquo;un rapport annuel. Vous pouvez consulter une \u00e9dition en cliquant <a href=\"https:\/\/ssr-csa.ch\/fr\/csa-news\/\" target=\"_blank\" rel=\"noopener\"><span style=\"color: #ff0000;\"><strong>ICI<\/strong><\/span><\/a>.[\/et_pb_text][\/et_pb_column][\/et_pb_row][\/et_pb_section]<\/p>\n","protected":false},"excerpt":{"rendered":"<p>Le Conseil suisse des ain\u00e9s \u00e9dite une revue semestrielle avec pour titre : \u00ab\u00a0La voix des seniors\u00a0\u00bb ainsi qu&rsquo;un rapport annuel. Vous pouvez consulter une \u00e9dition en cliquant ICI.<\/p>\n","protected":false},"author":1,"featured_media":0,"parent":0,"menu_order":0,"comment_status":"closed","ping_status":"closed","template":"","meta":{"_et_pb_use_builder":"on","_et_pb_old_content":"","_et_gb_content_width":"","footnotes":""},"class_list":["post-2621","page","type-page","status-publish","hentry"],"yoast_head":"<!-- This site is optimized with the Yoast SEO plugin v28.3 - https:\/\/yoast.com\/product\/yoast-seo-wordpress\/ -->\n<title>La voix des seniors - ffr-sarine<\/title>\n<meta name=\"robots\" content=\"index, follow, max-snippet:-1, max-image-preview:large, max-video-preview:-1\" \/>\n<link rel=\"canonical\" href=\"https:\/\/ffr-sarine.ch\/index.php\/la-voix-des-seniors\/\" \/>\n<meta property=\"og:locale\" content=\"fr_FR\" \/>\n<meta property=\"og:type\" content=\"article\" \/>\n<meta property=\"og:title\" content=\"La voix des seniors - ffr-sarine\" \/>\n<meta property=\"og:description\" content=\"Le Conseil suisse des ain\u00e9s \u00e9dite une revue semestrielle avec pour titre : &quot;La voix des seniors&quot; ainsi qu&#039;un rapport annuel. Vous pouvez consulter une \u00e9dition en cliquant ICI.\" \/>\n<meta property=\"og:url\" content=\"https:\/\/ffr-sarine.ch\/index.php\/la-voix-des-seniors\/\" \/>\n<meta property=\"og:site_name\" content=\"ffr-sarine\" \/>\n<meta property=\"article:modified_time\" content=\"2024-10-25T10:16:47+00:00\" \/>\n<meta name=\"twitter:card\" content=\"summary_large_image\" \/>\n<meta name=\"twitter:label1\" content=\"Dur\u00e9e de lecture estim\u00e9e\" \/>\n\t<meta name=\"twitter:data1\" content=\"1 minute\" \/>\n<script type=\"application\/ld+json\" class=\"yoast-schema-graph\">{\"@context\":\"https:\\\/\\\/schema.org\",\"@graph\":[{\"@type\":\"WebPage\",\"@id\":\"https:\\\/\\\/ffr-sarine.ch\\\/index.php\\\/la-voix-des-seniors\\\/\",\"url\":\"https:\\\/\\\/ffr-sarine.ch\\\/index.php\\\/la-voix-des-seniors\\\/\",\"name\":\"La voix des seniors - ffr-sarine\",\"isPartOf\":{\"@id\":\"https:\\\/\\\/ffr-sarine.ch\\\/#website\"},\"datePublished\":\"2021-06-11T08:24:40+00:00\",\"dateModified\":\"2024-10-25T10:16:47+00:00\",\"breadcrumb\":{\"@id\":\"https:\\\/\\\/ffr-sarine.ch\\\/index.php\\\/la-voix-des-seniors\\\/#breadcrumb\"},\"inLanguage\":\"fr-FR\",\"potentialAction\":[{\"@type\":\"ReadAction\",\"target\":[\"https:\\\/\\\/ffr-sarine.ch\\\/index.php\\\/la-voix-des-seniors\\\/\"]}]},{\"@type\":\"BreadcrumbList\",\"@id\":\"https:\\\/\\\/ffr-sarine.ch\\\/index.php\\\/la-voix-des-seniors\\\/#breadcrumb\",\"itemListElement\":[{\"@type\":\"ListItem\",\"position\":1,\"name\":\"Accueil\",\"item\":\"https:\\\/\\\/ffr-sarine.ch\\\/\"},{\"@type\":\"ListItem\",\"position\":2,\"name\":\"La voix des seniors\"}]},{\"@type\":\"WebSite\",\"@id\":\"https:\\\/\\\/ffr-sarine.ch\\\/#website\",\"url\":\"https:\\\/\\\/ffr-sarine.ch\\\/\",\"name\":\"ffr-sarine\",\"description\":\"F\u00e9d\u00e9ration Fribourgeoise des Retrait\u00e9s Section Sarine\",\"potentialAction\":[{\"@type\":\"SearchAction\",\"target\":{\"@type\":\"EntryPoint\",\"urlTemplate\":\"https:\\\/\\\/ffr-sarine.ch\\\/?s={search_term_string}\"},\"query-input\":{\"@type\":\"PropertyValueSpecification\",\"valueRequired\":true,\"valueName\":\"search_term_string\"}}],\"inLanguage\":\"fr-FR\"}]}<\/script>\n<!-- \/ Yoast SEO plugin. -->","yoast_head_json":{"title":"La voix des seniors - ffr-sarine","robots":{"index":"index","follow":"follow","max-snippet":"max-snippet:-1","max-image-preview":"max-image-preview:large","max-video-preview":"max-video-preview:-1"},"canonical":"https:\/\/ffr-sarine.ch\/index.php\/la-voix-des-seniors\/","og_locale":"fr_FR","og_type":"article","og_title":"La voix des seniors - ffr-sarine","og_description":"Le Conseil suisse des ain\u00e9s \u00e9dite une revue semestrielle avec pour titre : \"La voix des seniors\" ainsi qu'un rapport annuel. Vous pouvez consulter une \u00e9dition en cliquant ICI.","og_url":"https:\/\/ffr-sarine.ch\/index.php\/la-voix-des-seniors\/","og_site_name":"ffr-sarine","article_modified_time":"2024-10-25T10:16:47+00:00","twitter_card":"summary_large_image","twitter_misc":{"Dur\u00e9e de lecture estim\u00e9e":"1 minute"},"schema":{"@context":"https:\/\/schema.org","@graph":[{"@type":"WebPage","@id":"https:\/\/ffr-sarine.ch\/index.php\/la-voix-des-seniors\/","url":"https:\/\/ffr-sarine.ch\/index.php\/la-voix-des-seniors\/","name":"La voix des seniors - ffr-sarine","isPartOf":{"@id":"https:\/\/ffr-sarine.ch\/#website"},"datePublished":"2021-06-11T08:24:40+00:00","dateModified":"2024-10-25T10:16:47+00:00","breadcrumb":{"@id":"https:\/\/ffr-sarine.ch\/index.php\/la-voix-des-seniors\/#breadcrumb"},"inLanguage":"fr-FR","potentialAction":[{"@type":"ReadAction","target":["https:\/\/ffr-sarine.ch\/index.php\/la-voix-des-seniors\/"]}]},{"@type":"BreadcrumbList","@id":"https:\/\/ffr-sarine.ch\/index.php\/la-voix-des-seniors\/#breadcrumb","itemListElement":[{"@type":"ListItem","position":1,"name":"Accueil","item":"https:\/\/ffr-sarine.ch\/"},{"@type":"ListItem","position":2,"name":"La voix des seniors"}]},{"@type":"WebSite","@id":"https:\/\/ffr-sarine.ch\/#website","url":"https:\/\/ffr-sarine.ch\/","name":"ffr-sarine","description":"F\u00e9d\u00e9ration Fribourgeoise des Retrait\u00e9s Section Sarine","potentialAction":[{"@type":"SearchAction","target":{"@type":"EntryPoint","urlTemplate":"https:\/\/ffr-sarine.ch\/?s={search_term_string}"},"query-input":{"@type":"PropertyValueSpecification","valueRequired":true,"valueName":"search_term_string"}}],"inLanguage":"fr-FR"}]}},"_links":{"self":[{"href":"https:\/\/ffr-sarine.ch\/index.php\/wp-json\/wp\/v2\/pages\/2621","targetHints":{"allow":["GET"]}}],"collection":[{"href":"https:\/\/ffr-sarine.ch\/index.php\/wp-json\/wp\/v2\/pages"}],"about":[{"href":"https:\/\/ffr-sarine.ch\/index.php\/wp-json\/wp\/v2\/types\/page"}],"author":[{"embeddable":true,"href":"https:\/\/ffr-sarine.ch\/index.php\/wp-json\/wp\/v2\/users\/1"}],"replies":[{"embeddable":true,"href":"https:\/\/ffr-sarine.ch\/index.php\/wp-json\/wp\/v2\/comments?post=2621"}],"version-history":[{"count":27,"href":"https:\/\/ffr-sarine.ch\/index.php\/wp-json\/wp\/v2\/pages\/2621\/revisions"}],"predecessor-version":[{"id":5350,"href":"https:\/\/ffr-sarine.ch\/index.php\/wp-json\/wp\/v2\/pages\/2621\/revisions\/5350"}],"wp:attachment":[{"href":"https:\/\/ffr-sarine.ch\/index.php\/wp-json\/wp\/v2\/media?parent=2621"}],"curies":[{"name":"wp","href":"https:\/\/api.w.org\/{rel}","templated":true}]}}

<p>[et_pb_section fb_built= »1&Prime; _builder_version= »4.27.2&Prime; _module_preset= »default » top_divider_color= »#afafaf » hover_enabled= »0&Prime; global_colors_info= »{} » background_color= »RGBA(255,255,255,0) » min_height= »720px » sticky_enabled= »0&Prime;][et_pb_row column_structure= »1_3,2_3&Prime; _builder_version= »4.16&Prime; _module_preset= »default » global_colors_info= »{} »][et_pb_column type= »1_3&Prime; _builder_version= »4.16&Prime; _module_preset= »default » global_colors_info= »{} »][et_pb_image src= »https://ffr-sarine.ch/wp-content/uploads/2024/09/logo_cropped-Logo_CSA_tour_noir-1.png » title_text= »logo_cropped-Logo_CSA_tour_noir-1&Prime; url= »https://ssr-csa.ch/fr/accueil/ » url_new_window= »on » align= »center » admin_label= »logo ssr-csa » _builder_version= »4.27.0&Prime; _module_preset= »default » global_colors_info= »{} »][/et_pb_image][/et_pb_column][et_pb_column type= »2_3&Prime; _builder_version= »4.16&Prime; _module_preset= »default » global_colors_info= »{} »][et_pb_text _builder_version= »4.27.0&Prime; _module_preset= »default » text_text_color= »#000000&Prime; text_font_size= »18px » global_colors_info= »{} »]Le Conseil suisse des ainés édite une revue semestrielle avec pour titre :</p>
<p style="text-align: center;"><span style="color: #000080;"><strong>« La voix des seniors »</strong></span></p>
<p>ainsi qu&rsquo;un rapport annuel. Vous pouvez consulter une édition en cliquant <a href="https://ssr-csa.ch/fr/csa-news/" target="_blank" rel="noopener"><span style="color: #ff0000;"><strong>ICI</strong></span></a>.[/et_pb_text][/et_pb_column][/et_pb_row][/et_pb_section]</p>

<p>Le Conseil suisse des ainés édite une revue semestrielle avec pour titre : « La voix des seniors » ainsi qu&rsquo;un rapport annuel. Vous pouvez consulter une édition en cliquant ICI.</p>

<!-- This site is optimized with the Yoast SEO plugin v28.3 - https://yoast.com/product/yoast-seo-wordpress/ -->
<title>La voix des seniors - ffr-sarine</title>
<meta name="robots" content="index, follow, max-snippet:-1, max-image-preview:large, max-video-preview:-1" />
<link rel="canonical" href="https://ffr-sarine.ch/index.php/la-voix-des-seniors/" />
<meta property="og:locale" content="fr_FR" />
<meta property="og:type" content="article" />
<meta property="og:title" content="La voix des seniors - ffr-sarine" />
<meta property="og:description" content="Le Conseil suisse des ainés édite une revue semestrielle avec pour titre : &quot;La voix des seniors&quot; ainsi qu&#039;un rapport annuel. Vous pouvez consulter une édition en cliquant ICI." />
<meta property="og:url" content="https://ffr-sarine.ch/index.php/la-voix-des-seniors/" />
<meta property="og:site_name" content="ffr-sarine" />
<meta property="article:modified_time" content="2024-10-25T10:16:47+00:00" />
<meta name="twitter:card" content="summary_large_image" />
<meta name="twitter:label1" content="Durée de lecture estimée" />
	<meta name="twitter:data1" content="1 minute" />
<script type="application/ld+json" class="yoast-schema-graph">{"@context":"https:\/\/schema.org","@graph":[{"@type":"WebPage","@id":"https:\/\/ffr-sarine.ch\/index.php\/la-voix-des-seniors\/","url":"https:\/\/ffr-sarine.ch\/index.php\/la-voix-des-seniors\/","name":"La voix des seniors - ffr-sarine","isPartOf":{"@id":"https:\/\/ffr-sarine.ch\/#website"},"datePublished":"2021-06-11T08:24:40+00:00","dateModified":"2024-10-25T10:16:47+00:00","breadcrumb":{"@id":"https:\/\/ffr-sarine.ch\/index.php\/la-voix-des-seniors\/#breadcrumb"},"inLanguage":"fr-FR","potentialAction":[{"@type":"ReadAction","target":["https:\/\/ffr-sarine.ch\/index.php\/la-voix-des-seniors\/"]}]},{"@type":"BreadcrumbList","@id":"https:\/\/ffr-sarine.ch\/index.php\/la-voix-des-seniors\/#breadcrumb","itemListElement":[{"@type":"ListItem","position":1,"name":"Accueil","item":"https:\/\/ffr-sarine.ch\/"},{"@type":"ListItem","position":2,"name":"La voix des seniors"}]},{"@type":"WebSite","@id":"https:\/\/ffr-sarine.ch\/#website","url":"https:\/\/ffr-sarine.ch\/","name":"ffr-sarine","description":"Fédération Fribourgeoise des Retraités Section Sarine","potentialAction":[{"@type":"SearchAction","target":{"@type":"EntryPoint","urlTemplate":"https:\/\/ffr-sarine.ch\/?s={search_term_string}"},"query-input":{"@type":"PropertyValueSpecification","valueRequired":true,"valueName":"search_term_string"}}],"inLanguage":"fr-FR"}]}</script>
<!-- / Yoast SEO plugin. -->

Le Conseil suisse des ainés édite une revue semestrielle avec pour titre : "La voix des seniors" ainsi qu'un rapport annuel. Vous pouvez consulter une édition en cliquant ICI.

Fédération Fribourgeoise des Retraités Section Sarine
